{"id":1718,"date":"2022-09-25T13:17:03","date_gmt":"2022-09-25T16:17:03","guid":{"rendered":"https:\/\/kibazar.com.br\/?post_type=product&#038;p=1718"},"modified":"2022-09-25T15:47:28","modified_gmt":"2022-09-25T18:47:28","slug":"cha-de-artemisia-para-tratar-a-anemia","status":"publish","type":"product","link":"https:\/\/kibazar.com.br\/?product=cha-de-artemisia-para-tratar-a-anemia","title":{"rendered":"Ch\u00e1 de ARTEM\u00cdSIA Para Tratar a ANEMIA"},"content":{"rendered":"<h1 style=\"text-align: center;\"><span style=\"color: #000000;\"><strong>Ch\u00e1 de <span style=\"color: #008000;\">ARTEM\u00cdSIA<\/span> Para Tratamento Natural da <span style=\"color: #b40000;\">ANEMIA<\/span><\/strong><\/span><\/h1>\n<h5 style=\"text-align: justify;\"><span style=\"color: #ffffff;\">.<\/span><\/h5>\n<p style=\"text-align: justify;\"><span style=\"color: #000000;\">O <strong>Ch\u00e1 de Artem\u00edsia<\/strong> pode ser um excelente auxiliar nos casos de <strong>Anemia<\/strong>, que \u00e9 a diminui\u00e7\u00e3o nos n\u00edveis de hemoglobina no sangue, tendo como uma das fun\u00e7\u00f5es principais levar o oxig\u00eanio dos pulm\u00f5es \u00e0s c\u00e9lulas. As causas da anemia podem ser nutricionais, pela falta de alguns nutrientes, tais como: o <strong>Ferro<\/strong>\u00a0(<span style=\"color: #0000ff;\"><em>anemia ferropriva<\/em><\/span>) ou a falta de\u00a0<strong>vitamina B12<\/strong>, que pode causar a (<span style=\"color: #0000ff;\"><em>anemia perniciosa<\/em><\/span>, o <strong>vegetarianismo<\/strong>\u00a0ou a\u00a0<strong>difilobotr\u00edase<\/strong> (<em><span style=\"color: #0000ff;\">Infec\u00e7\u00e3o por <strong>T\u00eania de Peixe<\/strong><\/span> ou <span style=\"color: #0000ff;\">doen\u00e7a do <strong>Peixe Cru<\/strong><\/span><\/em>). Existem ainda causas gen\u00e9ticas (<span style=\"color: #0000ff;\"><em>anemia falciforme<\/em><\/span>) e <strong>hemorr\u00e1gicas<\/strong>, causadas por acidentes ou mesmo por parto.<\/span><\/p>\n<h5 style=\"text-align: justify;\"><span style=\"color: #000000;\">Os sintomas da\u00a0<strong>Anemia<\/strong>\u00a0est\u00e3o ligados \u00e0 <strong>fadiga<\/strong>, <strong>fraqueza<\/strong>, <strong>tonturas<\/strong>, <strong>vertigens<\/strong>, dificuldade de <strong>concentra\u00e7\u00e3o<\/strong>, <strong>palpita\u00e7\u00e3o<\/strong>, <strong>taquicardia<\/strong> e <strong>falta de ar<\/strong>, al\u00e9m de outros sintomas e a <strong>palidez da pele<\/strong>.\u00a0A anemia\u00a0pode ser grave. Deve-se detectar a causa com precis\u00e3o e indicar o tratamento mais adequado. Este\u00a0<strong>rem\u00e9dio natural<\/strong>\u00a0deve servir, somente, como medida auxiliar, n\u00e3o substituindo uma an\u00e1lise mais cuidadosa feita por um profissional da sa\u00fade.<\/span><\/h5>\n<h5><span style=\"color: #ffffff;\">.<\/span><\/h5>\n<h2 style=\"text-align: justify;\"><span style=\"color: #000000;\"><span style=\"color: #b40000;\"><strong>\u27a4<\/strong><\/span> <strong>Ch\u00e1 de ARTEM\u00cdSIA<\/strong> \u2013 Voc\u00ea vai precisar de:\u00a0<\/span><\/h2>\n<h5 style=\"text-align: justify;\"><span style=\"color: #000000;\"><strong>1<\/strong> \u2013 Uma colher de sopa de folhas secas de Artem\u00edsia;<\/span><\/h5>\n<h5 style=\"text-align: justify;\"><span style=\"color: #000000;\"><strong>2<\/strong> \u2013 Um litro de \u00e1gua.<\/span><\/h5>\n<h5><span style=\"color: #ffffff;\">.<\/span><\/h5>\n<h2 style=\"text-align: justify;\"><span style=\"color: #000000;\"><strong><span style=\"color: #b40000;\">\u27a4<\/span> Como Preparar o Ch\u00e1 de ARTEM\u00cdSIA:\u00a0<\/strong><\/span><\/h2>\n<h5 style=\"text-align: justify;\"><span style=\"color: #000000;\">Ferva a <strong>Artem\u00edsia<\/strong> de <span style=\"text-decoration: underline;\"><strong>4<\/strong> a <strong>5<\/strong> minutos<\/span>. Tampe o recipiente e aguarde amornar, em seguida coe.<\/span><\/h5>\n<h3 style=\"text-align: justify;\"><span style=\"color: #ffffff;\">.<\/span><\/h3>\n<p style=\"text-align: justify;\"><span style=\"color: #000000;\"><strong>\u27a4 Posologia:<\/strong>\u00a0Beba uma x\u00edcara do ch\u00e1 para <strong>anemia<\/strong> de <strong><u>6<\/u><\/strong><u> em <strong>6<\/strong> horas<\/u>.<\/span><\/p>\n<p style=\"text-align: justify;\"><span style=\"color: #000000;\"><strong>\u27a4 <span style=\"color: #ff0000;\">Cuidados<\/span><\/strong>:\u00a0Este ch\u00e1 deve ser evitado por <strong>gestantes<\/strong> e <strong>lactantes<\/strong>.<\/span><\/p>\n<h5 style=\"text-align: justify;\"><span style=\"color: #000000;\"><strong>\u27a4<\/strong><strong> Gostou Dessa Receita?<\/strong> Compartilhe com <strong>seus amigos<\/strong> nas redes sociais.<\/span><\/h5>\n<h5><span style=\"color: #ffffff;\">.<\/span><\/h5>\n<h4><a href=\"https:\/\/kibazar.com.br\/?product_cat=zeolita-todos\" target=\"_blank\" rel=\"noopener\"><span style=\"color: #000000;\"><span style=\"color: #3366ff;\"><strong>A ZE\u00d3LITA Elimina Todos os <span style=\"color: #b40000;\">METAIS PESADOS<\/span> e <span style=\"color: #b40000;\">Toxinas<\/span><\/strong><\/span><\/span><\/a> <a href=\"https:\/\/kibazar.com.br\/?product_cat=zeolita-todos\" target=\"_blank\" rel=\"noopener\"><img decoding=\"async\" class=\"alignnone wp-image-410\" style=\"font-size: 16px; font-style: inherit;\" src=\"https:\/\/kibazar.com.br\/wp-content\/uploads\/2022\/01\/Imagem.ZEOLITA-Clinoptilolita.1-\u2013\u2013\u2013-KIT.1-150x150.jpg\" alt=\"ZE\u00d3LITA \u2013 Um Poderoso DESINTOXICANTE de \u201cMETAIS PESADOS\u201d\" width=\"250\" height=\"188\" srcset=\"https:\/\/kibazar.com.br\/wp-content\/uploads\/2022\/01\/Imagem.ZEOLITA-Clinoptilolita.1-\u2013\u2013\u2013-KIT.1-462x347.jpg 462w, https:\/\/kibazar.com.br\/wp-content\/uploads\/2022\/01\/Imagem.ZEOLITA-Clinoptilolita.1-\u2013\u2013\u2013-KIT.1-300x225.jpg 300w, https:\/\/kibazar.com.br\/wp-content\/uploads\/2022\/01\/Imagem.ZEOLITA-Clinoptilolita.1-\u2013\u2013\u2013-KIT.1-768x576.jpg 768w, https:\/\/kibazar.com.br\/wp-content\/uploads\/2022\/01\/Imagem.ZEOLITA-Clinoptilolita.1-\u2013\u2013\u2013-KIT.1.jpg 960w\" sizes=\"(max-width: 250px) 100vw, 250px\" \/><\/a><\/h4>\n<h5><span style=\"color: #ffffff;\">.<\/span><\/h5>\n<h5 style=\"text-align: justify; padding-left: 80px;\"><span style=\"color: #000000;\"><strong>Reda\u00e7\u00e3o:<\/strong> <span style=\"color: #0000ff;\">SCHNEIDER Sa\u00fade e Terapia<\/span> \u2013 <em>Sua Sa\u00fade Levada a S\u00e9rio<\/em><\/span><\/h5>\n<h5 style=\"text-align: justify; padding-left: 80px;\"><span style=\"color: #000000;\">S\u00e9rgio Schneider<\/span><\/h5>\n<h5 style=\"text-align: justify; padding-left: 80px;\"><span style=\"color: #000000;\"><strong>CRT:<\/strong> 42.237<\/span><\/h5>\n<h5 style=\"text-align: justify; padding-left: 80px;\"><span style=\"color: #000000;\"><strong>Sinaten:<\/strong> CTN-SP 2732<\/span><\/h5>\n<h5 style=\"text-align: justify;\"><span style=\"color: #ffffff;\">.<\/span><\/h5>\n<h3 style=\"text-align: justify;\"><span style=\"color: #000000;\"><strong><span style=\"color: #b40000;\">\u27a4<\/span> TERAPEUTA DO SONO<\/strong><\/span><\/h3>\n<h5 style=\"text-align: justify;\"><span style=\"color: #000000;\">Fitoterapeuta, Psicoterapeuta e Ortomolecular<\/span><\/h5>\n<h5 style=\"text-align: justify;\"><span style=\"color: #000000;\">Especialista em Plantas Medicinais<\/span><\/h5>\n<h5 style=\"text-align: justify;\"><span style=\"color: #000000;\">P\u00f3s-Graduado em Fitoterapia Cl\u00ednica<\/span><\/h5>\n<h5 style=\"text-align: justify;\"><span style=\"color: #000000;\">Especializado em <a href=\"https:\/\/saudeeterapia.wordpress.com\/2019\/10\/10\/incontinencia-urinaria-tratamento-natural-infanto-juvenil-e-adultos\/\" target=\"_blank\" rel=\"noopener\"><strong>Incontin\u00eancia Urin\u00e1ria<\/strong><\/a> e Prostatite<\/span><\/h5>\n<h5 style=\"text-align: justify;\"><span style=\"color: #000000;\"><u>Principais Tratamentos<\/u>: <strong>Ronco<\/strong>, <strong>Apneia do Sono<\/strong> e <strong>Ins\u00f4nia<\/strong><\/span><\/h5>\n<h5 style=\"text-align: justify;\"><span style=\"color: #000000;\"><u>Novos Tratamentos<\/u>: <strong>Alcoolismo<\/strong>, <strong>Depress\u00e3o<\/strong>, <strong>Diabetes<\/strong>, <strong>Hipertens\u00e3o<\/strong> e <strong>Psor\u00edase<\/strong><\/span><\/h5>\n<h5 style=\"text-align: justify;\"><span style=\"color: #ffffff;\">.<\/span><\/h5>\n<h5 style=\"text-align: justify; padding-left: 80px;\"><span style=\"color: #000000;\"><strong>Loja:<\/strong> <a href=\"http:\/\/www.saudeeterapia.com.br\" target=\"_blank\" rel=\"noopener\">www.saudeeterapia.com.br<\/a><\/span><\/h5>\n<h5 style=\"text-align: justify; padding-left: 80px;\"><span style=\"color: #000000;\"><strong>Tel.<\/strong> (<strong>11<\/strong>) 5044-0606<\/span><\/h5>\n<h5 style=\"text-align: justify; padding-left: 80px;\"><span style=\"color: #000000;\"><strong>Cel.<\/strong> (<strong>11<\/strong>) 9.9524-2828 \u2013 <strong>WhatsApp<\/strong><\/span><\/h5>\n<h5 style=\"text-align: justify;\"><span style=\"color: #ffffff;\">.<\/span><\/h5>\n<h3 style=\"text-align: justify;\"><span style=\"color: #000000;\"><strong><span style=\"color: #b40000;\">\u27a4<\/span> VEJA e Conhe\u00e7a Tamb\u00e9m:\u00a0<\/strong><\/span><\/h3>\n<h5 style=\"text-align: justify;\"><a href=\"http:\/\/www.kibazar.com.br\/?product=sono-pax-aparelho-anti-ronco-e-apneia-do-sono\" target=\"_blank\" rel=\"noopener\"><span style=\"color: #000000;\"><strong><span style=\"color: #3366ff;\">SONO-PAX<\/span><\/strong><span style=\"color: #3366ff;\"> \u2013 Aparelho anti <strong>Ronco<\/strong> e Apneia do Sono<\/span><\/span><\/a><\/h5>\n<h5 style=\"text-align: justify;\"><a href=\"http:\/\/www.kibazar.com.br\/?product=travesseiro-pillow-pax-anti-ronco-apneia-caimbras-e-dores-na-coluna\" target=\"_blank\" rel=\"noopener\"><span style=\"color: #000000;\"><strong><span style=\"color: #3366ff;\">PILLOW-PAX<\/span><\/strong><span style=\"color: #3366ff;\"> \u2013 Travesseiro anti <strong>Ronco<\/strong> e Apneia do Sono<\/span><\/span><\/a><\/h5>\n<h5 style=\"text-align: justify;\"><span style=\"color: #ffffff;\">.<\/span><\/h5>\n<h3 style=\"text-align: justify; padding-left: 80px;\"><span style=\"color: #000000;\"><span style=\"color: #b40000;\"><strong>\u27a4<\/strong><\/span> <a href=\"https:\/\/saudeeterapia.wordpress.com\/category\/tratamentos\/\" target=\"_blank\" rel=\"noopener\"><strong>CLIQUE AQUI<\/strong>\u00a0e conhe\u00e7a nossos <strong>Tratamentos Naturais<\/strong><\/a><\/span><\/h3>\n<h5 style=\"text-align: justify; padding-left: 80px;\"><span style=\"color: #000000;\"><strong>\u27a4<\/strong> Fa\u00e7a seu\u00a0<u>tratamento natural<\/u>\u00a0e\u00a0<strong>pague<\/strong>\u00a0pelo\u00a0<span style=\"color: #0000ff;\"><strong>MercadoPago<\/strong><\/span>\u00a0em <u>at\u00e9\u00a0<strong>12x<\/strong><\/u><strong>.<\/strong><\/span><\/h5>\n<h5 style=\"text-align: justify; padding-left: 80px;\"><span style=\"color: #000000;\"><strong>\u27a4<\/strong> Ligue e marque seu\u00a0<strong>atendimento<\/strong> agora.<\/span><\/h5>\n<p>&nbsp;<\/p>\n","protected":false},"excerpt":{"rendered":"<h5 style=\"text-align: justify;\"><span style=\"color: #000000;\">O <strong>Ch\u00e1 de Artem\u00edsia<\/strong> pode ser um excelente auxiliar na <strong>Anemia<\/strong>, que \u00e9 a diminui\u00e7\u00e3o de hemoglobina no sangue. As causas podem ser nutricionais, pela falta de <strong>ferro<\/strong> ou de\u00a0<strong>vitamina B12<\/strong>.<\/span><br \/>\n<span style=\"color: #000000;\"><span style=\"text-decoration: underline;\">Os sintomas s\u00e3o<\/span>: <span style=\"color: #0000ff;\">fadiga<\/span>, <span style=\"color: #0000ff;\">fraqueza<\/span>, <span style=\"color: #0000ff;\">tonturas<\/span>, <span style=\"color: #0000ff;\">vertigens<\/span>, <span style=\"color: #0000ff;\">falta de concentra\u00e7\u00e3o<\/span>, <span style=\"color: #0000ff;\">palpita\u00e7\u00e3o<\/span>, <span style=\"color: #0000ff;\">taquicardia<\/span>, <span style=\"color: #0000ff;\">falta de ar<\/span> e <span style=\"color: #0000ff;\">palidez da pele<\/span>.<\/span><\/h5>\n","protected":false},"featured_media":1719,"comment_status":"open","ping_status":"closed","template":"","meta":{"site-sidebar-layout":"default","site-content-layout":"default","ast-site-content-layout":"default","site-content-style":"default","site-sidebar-style":"default","ast-global-header-display":"","ast-banner-title-visibility":"","ast-main-header-display":"","ast-hfb-above-header-display":"","ast-hfb-below-header-display":"","ast-hfb-mobile-header-display":"","site-post-title":"","ast-breadcrumbs-content":"","ast-featured-img":"","footer-sml-layout":"","ast-disable-related-posts":"","theme-transparent-header-meta":"default","adv-header-id-meta":"","stick-header-meta":"","header-above-stick-meta":"","header-main-stick-meta":"","header-below-stick-meta":"","astra-migrate-meta-layouts":"default","ast-page-background-enabled":"default","ast-page-background-meta":{"desktop":{"background-color":"var(--ast-global-color-4)","background-image":"","background-repeat":"repeat","background-position":"center center","background-size":"auto","background-attachment":"scroll","background-type":"","background-media":"","overlay-type":"","overlay-color":"","overlay-opacity":"","overlay-gradient":""},"tablet":{"background-color":"","background-image":"","background-repeat":"repeat","background-position":"center center","background-size":"auto","background-attachment":"scroll","background-type":"","background-media":"","overlay-type":"","overlay-color":"","overlay-opacity":"","overlay-gradient":""},"mobile":{"background-color":"","background-image":"","background-repeat":"repeat","background-position":"center center","background-size":"auto","background-attachment":"scroll","background-type":"","background-media":"","overlay-type":"","overlay-color":"","overlay-opacity":"","overlay-gradient":""}},"ast-content-background-meta":{"desktop":{"background-color":"var(--ast-global-color-5)","background-image":"","background-repeat":"repeat","background-position":"center center","background-size":"auto","background-attachment":"scroll","background-type":"","background-media":"","overlay-type":"","overlay-color":"","overlay-opacity":"","overlay-gradient":""},"tablet":{"background-color":"var(--ast-global-color-5)","background-image":"","background-repeat":"repeat","background-position":"center center","background-size":"auto","background-attachment":"scroll","background-type":"","background-media":"","overlay-type":"","overlay-color":"","overlay-opacity":"","overlay-gradient":""},"mobile":{"background-color":"var(--ast-global-color-5)","background-image":"","background-repeat":"repeat","background-position":"center center","background-size":"auto","background-attachment":"scroll","background-type":"","background-media":"","overlay-type":"","overlay-color":"","overlay-opacity":"","overlay-gradient":""}}},"product_brand":[],"product_cat":[21],"product_tag":[983,984,985,986,758,987,249,988,299,760,934,989,990,991,992,993,771,994,995,996,997,998],"class_list":{"0":"post-1718","1":"product","2":"type-product","3":"status-publish","4":"has-post-thumbnail","6":"product_cat-receitas","7":"product_tag-anemia-falciforme","8":"product_tag-anemia-ferropriva","9":"product_tag-anemia-perniciosa","10":"product_tag-cha-de-artemisia","11":"product_tag-concentracao","12":"product_tag-difilobotriase","13":"product_tag-fadiga","14":"product_tag-falta-de-ar","15":"product_tag-ferro","16":"product_tag-fraqueza","17":"product_tag-gestantes","18":"product_tag-hemoglobina","19":"product_tag-hemorragicas","20":"product_tag-lactantes","21":"product_tag-palidez-da-pele","22":"product_tag-palpitacao","23":"product_tag-taquicardia","24":"product_tag-tenia-de-peixe","25":"product_tag-tonturas","26":"product_tag-vegetarianismo","27":"product_tag-vertigens","28":"product_tag-vitamina-b12","29":"desktop-align-left","30":"tablet-align-left","31":"mobile-align-left","33":"first","34":"instock","35":"shipping-taxable","36":"product-type-simple"},"yoast_head":"<!-- This site is optimized with the Yoast SEO plugin v27.1.1 - https:\/\/yoast.com\/product\/yoast-seo-wordpress\/ -->\n<title>Ch\u00e1 de ARTEM\u00cdSIA Para Tratar a ANEMIA - Kibazar<\/title>\n<meta name=\"description\" content=\"O Ch\u00e1 de Artem\u00edsia \u00e9 um excelente auxiliar nos casos de Anemia, mas n\u00e3o substitui uma an\u00e1lise mais cuidadosa feita por um profissional da sa\u00fade.\" \/>\n<meta name=\"robots\" content=\"index, follow, max-snippet:-1, max-image-preview:large, max-video-preview:-1\" \/>\n<link rel=\"canonical\" href=\"https:\/\/kibazar.com.br\/?product=cha-de-artemisia-para-tratar-a-anemia\" \/>\n<meta property=\"og:locale\" content=\"pt_BR\" \/>\n<meta property=\"og:type\" content=\"article\" \/>\n<meta property=\"og:title\" content=\"Ch\u00e1 de ARTEM\u00cdSIA Para Tratar a ANEMIA - Kibazar\" \/>\n<meta property=\"og:description\" content=\"O Ch\u00e1 de Artem\u00edsia \u00e9 um excelente auxiliar nos casos de Anemia, mas n\u00e3o substitui uma an\u00e1lise mais cuidadosa feita por um profissional da sa\u00fade.\" \/>\n<meta property=\"og:url\" content=\"https:\/\/kibazar.com.br\/?product=cha-de-artemisia-para-tratar-a-anemia\" \/>\n<meta property=\"og:site_name\" content=\"Kibazar\" \/>\n<meta property=\"article:modified_time\" content=\"2022-09-25T18:47:28+00:00\" \/>\n<meta property=\"og:image\" content=\"https:\/\/kibazar.com.br\/wp-content\/uploads\/2022\/09\/Imagem_Receitas_Cha-de-ARTEMISIA.1.jpg\" \/>\n\t<meta property=\"og:image:width\" content=\"960\" \/>\n\t<meta property=\"og:image:height\" content=\"643\" \/>\n\t<meta property=\"og:image:type\" content=\"image\/jpeg\" \/>\n<meta name=\"twitter:card\" content=\"summary_large_image\" \/>\n<meta name=\"twitter:label1\" content=\"Est. tempo de leitura\" \/>\n\t<meta name=\"twitter:data1\" content=\"3 minutos\" \/>\n<script type=\"application\/ld+json\" class=\"yoast-schema-graph\">{\"@context\":\"https:\/\/schema.org\",\"@graph\":[{\"@type\":\"WebPage\",\"@id\":\"https:\/\/kibazar.com.br\/?product=cha-de-artemisia-para-tratar-a-anemia\",\"url\":\"https:\/\/kibazar.com.br\/?product=cha-de-artemisia-para-tratar-a-anemia\",\"name\":\"Ch\u00e1 de ARTEM\u00cdSIA Para Tratar a ANEMIA - Kibazar\",\"isPartOf\":{\"@id\":\"https:\/\/kibazar.com.br\/#website\"},\"primaryImageOfPage\":{\"@id\":\"https:\/\/kibazar.com.br\/?product=cha-de-artemisia-para-tratar-a-anemia#primaryimage\"},\"image\":{\"@id\":\"https:\/\/kibazar.com.br\/?product=cha-de-artemisia-para-tratar-a-anemia#primaryimage\"},\"thumbnailUrl\":\"https:\/\/kibazar.com.br\/wp-content\/uploads\/2022\/09\/Imagem_Receitas_Cha-de-ARTEMISIA.1.jpg\",\"datePublished\":\"2022-09-25T16:17:03+00:00\",\"dateModified\":\"2022-09-25T18:47:28+00:00\",\"description\":\"O Ch\u00e1 de Artem\u00edsia \u00e9 um excelente auxiliar nos casos de Anemia, mas n\u00e3o substitui uma an\u00e1lise mais cuidadosa feita por um profissional da sa\u00fade.\",\"breadcrumb\":{\"@id\":\"https:\/\/kibazar.com.br\/?product=cha-de-artemisia-para-tratar-a-anemia#breadcrumb\"},\"inLanguage\":\"pt-BR\",\"potentialAction\":[{\"@type\":\"ReadAction\",\"target\":[\"https:\/\/kibazar.com.br\/?product=cha-de-artemisia-para-tratar-a-anemia\"]}]},{\"@type\":\"ImageObject\",\"inLanguage\":\"pt-BR\",\"@id\":\"https:\/\/kibazar.com.br\/?product=cha-de-artemisia-para-tratar-a-anemia#primaryimage\",\"url\":\"https:\/\/kibazar.com.br\/wp-content\/uploads\/2022\/09\/Imagem_Receitas_Cha-de-ARTEMISIA.1.jpg\",\"contentUrl\":\"https:\/\/kibazar.com.br\/wp-content\/uploads\/2022\/09\/Imagem_Receitas_Cha-de-ARTEMISIA.1.jpg\",\"width\":960,\"height\":643,\"caption\":\"Ch\u00e1 de ARTEM\u00cdSIA Para Tratamento Natural da ANEMIA\"},{\"@type\":\"BreadcrumbList\",\"@id\":\"https:\/\/kibazar.com.br\/?product=cha-de-artemisia-para-tratar-a-anemia#breadcrumb\",\"itemListElement\":[{\"@type\":\"ListItem\",\"position\":1,\"name\":\"In\u00edcio\",\"item\":\"https:\/\/kibazar.com.br\/\"},{\"@type\":\"ListItem\",\"position\":2,\"name\":\"Produtos\",\"item\":\"https:\/\/kibazar.com.br\/?page_id=11\"},{\"@type\":\"ListItem\",\"position\":3,\"name\":\"Ch\u00e1 de ARTEM\u00cdSIA Para Tratar a ANEMIA\"}]},{\"@type\":\"WebSite\",\"@id\":\"https:\/\/kibazar.com.br\/#website\",\"url\":\"https:\/\/kibazar.com.br\/\",\"name\":\"Kibazar\",\"description\":\"A sua loja de variedades\",\"publisher\":{\"@id\":\"https:\/\/kibazar.com.br\/#organization\"},\"potentialAction\":[{\"@type\":\"SearchAction\",\"target\":{\"@type\":\"EntryPoint\",\"urlTemplate\":\"https:\/\/kibazar.com.br\/?s={search_term_string}\"},\"query-input\":{\"@type\":\"PropertyValueSpecification\",\"valueRequired\":true,\"valueName\":\"search_term_string\"}}],\"inLanguage\":\"pt-BR\"},{\"@type\":\"Organization\",\"@id\":\"https:\/\/kibazar.com.br\/#organization\",\"name\":\"Kibazar\",\"url\":\"https:\/\/kibazar.com.br\/\",\"logo\":{\"@type\":\"ImageObject\",\"inLanguage\":\"pt-BR\",\"@id\":\"https:\/\/kibazar.com.br\/#\/schema\/logo\/image\/\",\"url\":\"https:\/\/kibazar.com.br\/wp-content\/uploads\/2022\/01\/LOGO.png\",\"contentUrl\":\"https:\/\/kibazar.com.br\/wp-content\/uploads\/2022\/01\/LOGO.png\",\"width\":1000,\"height\":232,\"caption\":\"Kibazar\"},\"image\":{\"@id\":\"https:\/\/kibazar.com.br\/#\/schema\/logo\/image\/\"}}]}<\/script>\n<!-- \/ Yoast SEO plugin. -->","yoast_head_json":{"title":"Ch\u00e1 de ARTEM\u00cdSIA Para Tratar a ANEMIA - Kibazar","description":"O Ch\u00e1 de Artem\u00edsia \u00e9 um excelente auxiliar nos casos de Anemia, mas n\u00e3o substitui uma an\u00e1lise mais cuidadosa feita por um profissional da sa\u00fade.","robots":{"index":"index","follow":"follow","max-snippet":"max-snippet:-1","max-image-preview":"max-image-preview:large","max-video-preview":"max-video-preview:-1"},"canonical":"https:\/\/kibazar.com.br\/?product=cha-de-artemisia-para-tratar-a-anemia","og_locale":"pt_BR","og_type":"article","og_title":"Ch\u00e1 de ARTEM\u00cdSIA Para Tratar a ANEMIA - Kibazar","og_description":"O Ch\u00e1 de Artem\u00edsia \u00e9 um excelente auxiliar nos casos de Anemia, mas n\u00e3o substitui uma an\u00e1lise mais cuidadosa feita por um profissional da sa\u00fade.","og_url":"https:\/\/kibazar.com.br\/?product=cha-de-artemisia-para-tratar-a-anemia","og_site_name":"Kibazar","article_modified_time":"2022-09-25T18:47:28+00:00","og_image":[{"width":960,"height":643,"url":"https:\/\/kibazar.com.br\/wp-content\/uploads\/2022\/09\/Imagem_Receitas_Cha-de-ARTEMISIA.1.jpg","type":"image\/jpeg"}],"twitter_card":"summary_large_image","twitter_misc":{"Est. tempo de leitura":"3 minutos"},"schema":{"@context":"https:\/\/schema.org","@graph":[{"@type":"WebPage","@id":"https:\/\/kibazar.com.br\/?product=cha-de-artemisia-para-tratar-a-anemia","url":"https:\/\/kibazar.com.br\/?product=cha-de-artemisia-para-tratar-a-anemia","name":"Ch\u00e1 de ARTEM\u00cdSIA Para Tratar a ANEMIA - Kibazar","isPartOf":{"@id":"https:\/\/kibazar.com.br\/#website"},"primaryImageOfPage":{"@id":"https:\/\/kibazar.com.br\/?product=cha-de-artemisia-para-tratar-a-anemia#primaryimage"},"image":{"@id":"https:\/\/kibazar.com.br\/?product=cha-de-artemisia-para-tratar-a-anemia#primaryimage"},"thumbnailUrl":"https:\/\/kibazar.com.br\/wp-content\/uploads\/2022\/09\/Imagem_Receitas_Cha-de-ARTEMISIA.1.jpg","datePublished":"2022-09-25T16:17:03+00:00","dateModified":"2022-09-25T18:47:28+00:00","description":"O Ch\u00e1 de Artem\u00edsia \u00e9 um excelente auxiliar nos casos de Anemia, mas n\u00e3o substitui uma an\u00e1lise mais cuidadosa feita por um profissional da sa\u00fade.","breadcrumb":{"@id":"https:\/\/kibazar.com.br\/?product=cha-de-artemisia-para-tratar-a-anemia#breadcrumb"},"inLanguage":"pt-BR","potentialAction":[{"@type":"ReadAction","target":["https:\/\/kibazar.com.br\/?product=cha-de-artemisia-para-tratar-a-anemia"]}]},{"@type":"ImageObject","inLanguage":"pt-BR","@id":"https:\/\/kibazar.com.br\/?product=cha-de-artemisia-para-tratar-a-anemia#primaryimage","url":"https:\/\/kibazar.com.br\/wp-content\/uploads\/2022\/09\/Imagem_Receitas_Cha-de-ARTEMISIA.1.jpg","contentUrl":"https:\/\/kibazar.com.br\/wp-content\/uploads\/2022\/09\/Imagem_Receitas_Cha-de-ARTEMISIA.1.jpg","width":960,"height":643,"caption":"Ch\u00e1 de ARTEM\u00cdSIA Para Tratamento Natural da ANEMIA"},{"@type":"BreadcrumbList","@id":"https:\/\/kibazar.com.br\/?product=cha-de-artemisia-para-tratar-a-anemia#breadcrumb","itemListElement":[{"@type":"ListItem","position":1,"name":"In\u00edcio","item":"https:\/\/kibazar.com.br\/"},{"@type":"ListItem","position":2,"name":"Produtos","item":"https:\/\/kibazar.com.br\/?page_id=11"},{"@type":"ListItem","position":3,"name":"Ch\u00e1 de ARTEM\u00cdSIA Para Tratar a ANEMIA"}]},{"@type":"WebSite","@id":"https:\/\/kibazar.com.br\/#website","url":"https:\/\/kibazar.com.br\/","name":"Kibazar","description":"A sua loja de variedades","publisher":{"@id":"https:\/\/kibazar.com.br\/#organization"},"potentialAction":[{"@type":"SearchAction","target":{"@type":"EntryPoint","urlTemplate":"https:\/\/kibazar.com.br\/?s={search_term_string}"},"query-input":{"@type":"PropertyValueSpecification","valueRequired":true,"valueName":"search_term_string"}}],"inLanguage":"pt-BR"},{"@type":"Organization","@id":"https:\/\/kibazar.com.br\/#organization","name":"Kibazar","url":"https:\/\/kibazar.com.br\/","logo":{"@type":"ImageObject","inLanguage":"pt-BR","@id":"https:\/\/kibazar.com.br\/#\/schema\/logo\/image\/","url":"https:\/\/kibazar.com.br\/wp-content\/uploads\/2022\/01\/LOGO.png","contentUrl":"https:\/\/kibazar.com.br\/wp-content\/uploads\/2022\/01\/LOGO.png","width":1000,"height":232,"caption":"Kibazar"},"image":{"@id":"https:\/\/kibazar.com.br\/#\/schema\/logo\/image\/"}}]}},"_links":{"self":[{"href":"https:\/\/kibazar.com.br\/index.php?rest_route=\/wp\/v2\/product\/1718","targetHints":{"allow":["GET"]}}],"collection":[{"href":"https:\/\/kibazar.com.br\/index.php?rest_route=\/wp\/v2\/product"}],"about":[{"href":"https:\/\/kibazar.com.br\/index.php?rest_route=\/wp\/v2\/types\/product"}],"replies":[{"embeddable":true,"href":"https:\/\/kibazar.com.br\/index.php?rest_route=%2Fwp%2Fv2%2Fcomments&post=1718"}],"wp:featuredmedia":[{"embeddable":true,"href":"https:\/\/kibazar.com.br\/index.php?rest_route=\/wp\/v2\/media\/1719"}],"wp:attachment":[{"href":"https:\/\/kibazar.com.br\/index.php?rest_route=%2Fwp%2Fv2%2Fmedia&parent=1718"}],"wp:term":[{"taxonomy":"product_brand","embeddable":true,"href":"https:\/\/kibazar.com.br\/index.php?rest_route=%2Fwp%2Fv2%2Fproduct_brand&post=1718"},{"taxonomy":"product_cat","embeddable":true,"href":"https:\/\/kibazar.com.br\/index.php?rest_route=%2Fwp%2Fv2%2Fproduct_cat&post=1718"},{"taxonomy":"product_tag","embeddable":true,"href":"https:\/\/kibazar.com.br\/index.php?rest_route=%2Fwp%2Fv2%2Fproduct_tag&post=1718"}],"curies":[{"name":"wp","href":"https:\/\/api.w.org\/{rel}","templated":true}]}}