{"id":1697,"date":"2022-09-18T16:31:05","date_gmt":"2022-09-18T19:31:05","guid":{"rendered":"https:\/\/kibazar.com.br\/?post_type=product&#038;p=1697"},"modified":"2022-09-18T20:17:20","modified_gmt":"2022-09-18T23:17:20","slug":"cha-de-manjerona-para-tratar-o-reumatismo","status":"publish","type":"product","link":"https:\/\/kibazar.com.br\/?product=cha-de-manjerona-para-tratar-o-reumatismo","title":{"rendered":"Ch\u00e1 de MANJERONA Para Tratar o REUMATISMO"},"content":{"rendered":"<h1 style=\"text-align: center;\"><span style=\"color: #000000;\"><strong>Ch\u00e1 de <span style=\"color: #008000;\">MANJERONA<\/span> Para Tratamento Natural do <span style=\"color: #b40000;\">REUMATISMO<\/span><\/strong><\/span><\/h1>\n<h5><span style=\"color: #ffffff;\">.<\/span><\/h5>\n<p style=\"text-align: justify;\"><span style=\"color: #000000;\">O <strong>ch\u00e1 de Manjerona <\/strong>funciona como rem\u00e9dio para o tratamento natural do <strong>reumatismo<\/strong> e tamb\u00e9m ajuda nos casos de <strong>artrite<\/strong> e da <strong>artrose<\/strong>, de <strong>contus\u00f5es<\/strong> e <strong>torcicolos<\/strong>.<\/span><\/p>\n<h2 style=\"text-align: justify;\"><span style=\"color: #000000;\"><span style=\"color: #b40000;\"><strong>\u27a4<\/strong><\/span><strong> Ch\u00e1 de MANJERONA<\/strong>: Voc\u00ea Vai Precisar de:\u00a0<\/span><\/h2>\n<h4 style=\"text-align: justify;\"><span style=\"color: #000000;\"><strong>1<\/strong> \u2013 Tr\u00eas \u201cFolhas Frescas de Manjerona\u201d.<\/span><\/h4>\n<h4 style=\"text-align: justify;\"><span style=\"color: #000000;\"><strong>2<\/strong> \u2013 Uma X\u00edcara de \u00c1gua.<\/span><\/h4>\n<h5><span style=\"color: #ffffff;\">.<\/span><\/h5>\n<h2 style=\"text-align: justify;\"><span style=\"color: #000000;\"><span style=\"color: #b40000;\"><strong>\u27a4<\/strong><\/span><strong> Como Preparar o Ch\u00e1 de Manjerona:\u00a0<\/strong><\/span><\/h2>\n<p style=\"text-align: justify;\"><span style=\"color: #000000;\">Leve a x\u00edcara de \u00e1gua para ferver e desligue a fogo. Em seguida acrescente as folhas de Manjerona e deixe em infus\u00e3o por alguns minutos. Em seguida coe.<\/span><\/p>\n<p style=\"text-align: justify;\"><span style=\"color: #000000;\"><strong>\u27a4<\/strong><strong> Posologia:<\/strong>\u00a0Beba\u00a01\u00a0x\u00edcara do ch\u00e1 a cada\u00a0<span style=\"text-decoration: underline;\"><strong>6<\/strong>\u00a0horas<\/span>.<\/span><\/p>\n<p style=\"text-align: justify;\"><span style=\"color: #000000;\"><strong>\u27a4<\/strong><span style=\"color: #ff0000;\"><strong> Cuidados<\/strong><\/span>: Evitar o uso do ch\u00e1 durante a <strong>gravidez<\/strong> e a <strong>lacta\u00e7\u00e3o<\/strong>. Deve ser evitado por <strong>diab\u00e9ticos<\/strong>.<\/span><\/p>\n<p style=\"text-align: justify;\"><span style=\"color: #000000;\"><strong>\u27a4<\/strong><strong> Gostou Dessa Receita?<\/strong> Compartilhe com <strong>seus amigos<\/strong> nas redes sociais.<\/span><\/p>\n<h3 style=\"text-align: justify;\"><span style=\"color: #008080;\"><a style=\"color: #008080;\" href=\"https:\/\/kibazar.com.br\/?product=calcium-citrate-magnesium-vitamina-d3\" target=\"_blank\" rel=\"noopener\"><strong>CALCIUM Citrate, Magnesium + Vitamina D3<\/strong><\/a><\/span> <a href=\"https:\/\/kibazar.com.br\/?product=calcium-citrate-magnesium-vitamina-d3\" target=\"_blank\" rel=\"noopener\"><img decoding=\"async\" class=\"alignnone wp-image-1605\" style=\"font-size: 16px; font-style: inherit;\" src=\"https:\/\/kibazar.com.br\/wp-content\/uploads\/2022\/08\/Imagem_FLP_CALCIUM.CITRATE.1-150x150.jpg\" alt=\"CALCIUM Citrate, Magnesium + Vitamina D3\" width=\"250\" height=\"188\" srcset=\"https:\/\/kibazar.com.br\/wp-content\/uploads\/2022\/08\/Imagem_FLP_CALCIUM.CITRATE.1-462x347.jpg 462w, https:\/\/kibazar.com.br\/wp-content\/uploads\/2022\/08\/Imagem_FLP_CALCIUM.CITRATE.1-300x225.jpg 300w, https:\/\/kibazar.com.br\/wp-content\/uploads\/2022\/08\/Imagem_FLP_CALCIUM.CITRATE.1-768x576.jpg 768w, https:\/\/kibazar.com.br\/wp-content\/uploads\/2022\/08\/Imagem_FLP_CALCIUM.CITRATE.1.jpg 960w\" sizes=\"(max-width: 250px) 100vw, 250px\" \/><\/a><\/h3>\n<h5><span style=\"color: #ffffff;\">.<\/span><\/h5>\n<h4 style=\"text-align: justify; padding-left: 80px;\"><span style=\"color: #000000;\"><strong>Reda\u00e7\u00e3o:<\/strong> <span style=\"color: #0000ff;\">SCHNEIDER Sa\u00fade e Terapia<\/span> \u2013 <em>Sua Sa\u00fade Levada a S\u00e9rio<\/em><\/span><\/h4>\n<h4 style=\"text-align: justify; padding-left: 80px;\"><span style=\"color: #000000;\">S\u00e9rgio Schneider<\/span><\/h4>\n<h4 style=\"text-align: justify; padding-left: 80px;\"><span style=\"color: #000000;\"><strong>CRT:<\/strong> 42.237<\/span><\/h4>\n<h4 style=\"text-align: justify; padding-left: 80px;\"><span style=\"color: #000000;\"><strong>Sinaten:<\/strong> CTN-SP 2732<\/span><\/h4>\n<h5><span style=\"color: #ffffff;\">.<\/span><\/h5>\n<h3 style=\"text-align: justify;\"><span style=\"color: #000000;\"><strong><span style=\"color: #b40000;\">\u27a4<\/span> TERAPEUTA DO SONO<\/strong><\/span><\/h3>\n<h4 style=\"text-align: justify;\"><span style=\"color: #000000;\">Fitoterapeuta, Psicoterapeuta e Ortomolecular<\/span><\/h4>\n<h4 style=\"text-align: justify;\"><span style=\"color: #000000;\">Especialista em Plantas Medicinais<\/span><\/h4>\n<h4 style=\"text-align: justify;\"><span style=\"color: #000000;\">P\u00f3s-Graduado em Fitoterapia Cl\u00ednica<\/span><\/h4>\n<h4 style=\"text-align: justify;\"><span style=\"color: #000000;\">Especializado em <a href=\"https:\/\/saudeeterapia.wordpress.com\/2019\/10\/10\/incontinencia-urinaria-tratamento-natural-infanto-juvenil-e-adultos\/\" target=\"_blank\" rel=\"noopener\">Incontin\u00eancia Urin\u00e1ria<\/a> e Prostatite<\/span><\/h4>\n<h4 style=\"text-align: justify;\"><span style=\"color: #000000;\"><u>Principais Tratamentos<\/u>: <strong>Ronco<\/strong>, <strong>Apneia do Sono<\/strong> e <strong>Ins\u00f4nia<\/strong><\/span><\/h4>\n<h4 style=\"text-align: justify;\"><span style=\"color: #000000;\"><u>Novos Tratamentos<\/u>: <strong>Alcoolismo<\/strong>, <strong>Depress\u00e3o<\/strong>, <strong>Diabetes<\/strong>, <strong>Hipertens\u00e3o<\/strong> e <strong>Psor\u00edase<\/strong><\/span><\/h4>\n<h5><span style=\"color: #ffffff;\">.<\/span><\/h5>\n<h4 style=\"text-align: justify; padding-left: 80px;\"><span style=\"color: #000000;\"><strong>Loja:<\/strong> <a href=\"http:\/\/www.saudeeterapia.com.br\" target=\"_blank\" rel=\"noopener\">www.saudeeterapia.com.br<\/a><\/span><\/h4>\n<h4 style=\"text-align: justify; padding-left: 80px;\"><span style=\"color: #000000;\"><strong>Tel.<\/strong> (<strong>11<\/strong>) 5044-0606<\/span><\/h4>\n<h4 style=\"text-align: justify; padding-left: 80px;\"><span style=\"color: #000000;\"><strong>Cel.<\/strong> (<strong>11<\/strong>) 9.9524-2828 \u2013 <strong>WhatsApp<\/strong><\/span><\/h4>\n<h5><span style=\"color: #ffffff;\">.<\/span><\/h5>\n<h3 style=\"text-align: justify;\"><span style=\"color: #000000;\"><strong><span style=\"color: #b40000;\">\u27a4<\/span> VEJA e Conhe\u00e7a Tamb\u00e9m:\u00a0<\/strong><\/span><\/h3>\n<h4 style=\"text-align: justify;\"><a href=\"http:\/\/www.kibazar.com.br\/?product=sono-pax-aparelho-anti-ronco-e-apneia-do-sono\" target=\"_blank\" rel=\"noopener\"><strong>SONO-PAX<\/strong> \u2013 Aparelho anti <strong>Ronco<\/strong> e Apneia do Sono<\/a><\/h4>\n<h4 style=\"text-align: justify;\"><a href=\"http:\/\/www.kibazar.com.br\/?product=travesseiro-pillow-pax-anti-ronco-apneia-caimbras-e-dores-na-coluna\" target=\"_blank\" rel=\"noopener\"><strong>PILLOW-PAX<\/strong> \u2013 Travesseiro anti <strong>Ronco<\/strong> e Apneia do Sono<\/a><\/h4>\n<h5><span style=\"color: #ffffff;\">.<\/span><\/h5>\n<h3 style=\"text-align: justify; padding-left: 80px;\"><strong>\u27a4<\/strong> <a href=\"https:\/\/saudeeterapia.wordpress.com\/category\/tratamentos\/\" target=\"_blank\" rel=\"noopener\"><strong>CLIQUE AQUI<\/strong>\u00a0e conhe\u00e7a nossos <strong>Tratamentos Naturais<\/strong><\/a><\/h3>\n<h4 style=\"text-align: justify; padding-left: 80px;\"><span style=\"color: #000000;\"><strong>\u27a4<\/strong> Fa\u00e7a seu\u00a0<u>tratamento natural<\/u>\u00a0e\u00a0<strong>pague<\/strong>\u00a0pelo\u00a0<span style=\"color: #0000ff;\"><strong>Mercado Pago<\/strong><\/span>\u00a0em <u>at\u00e9\u00a0<strong>12x<\/strong><\/u><strong>.<\/strong><\/span><\/h4>\n<h4 style=\"text-align: justify; padding-left: 80px;\"><span style=\"color: #000000;\"><strong>\u27a4<\/strong> Ligue e marque seu\u00a0<strong>atendimento<\/strong> agora.<\/span><\/h4>\n<p>&nbsp;<\/p>\n","protected":false},"excerpt":{"rendered":"<h5 style=\"text-align: justify;\"><span style=\"color: #000000;\">O <span style=\"color: #008000;\"><strong>ch\u00e1 de Manjerona<\/strong><\/span> funciona como rem\u00e9dio para o tratamento natural do <strong>reumatismo<\/strong> e tamb\u00e9m ajuda nos casos de <strong>artrite<\/strong> e da <strong>artrose<\/strong>, de <strong>contus\u00f5es<\/strong> e <strong>torcicolos<\/strong>.<\/span><\/h5>\n","protected":false},"featured_media":1698,"comment_status":"open","ping_status":"closed","template":"","meta":{"site-sidebar-layout":"default","site-content-layout":"default","ast-site-content-layout":"default","site-content-style":"default","site-sidebar-style":"default","ast-global-header-display":"","ast-banner-title-visibility":"","ast-main-header-display":"","ast-hfb-above-header-display":"","ast-hfb-below-header-display":"","ast-hfb-mobile-header-display":"","site-post-title":"","ast-breadcrumbs-content":"","ast-featured-img":"","footer-sml-layout":"","ast-disable-related-posts":"","theme-transparent-header-meta":"default","adv-header-id-meta":"","stick-header-meta":"","header-above-stick-meta":"","header-main-stick-meta":"","header-below-stick-meta":"","astra-migrate-meta-layouts":"default","ast-page-background-enabled":"default","ast-page-background-meta":{"desktop":{"background-color":"var(--ast-global-color-4)","background-image":"","background-repeat":"repeat","background-position":"center center","background-size":"auto","background-attachment":"scroll","background-type":"","background-media":"","overlay-type":"","overlay-color":"","overlay-opacity":"","overlay-gradient":""},"tablet":{"background-color":"","background-image":"","background-repeat":"repeat","background-position":"center center","background-size":"auto","background-attachment":"scroll","background-type":"","background-media":"","overlay-type":"","overlay-color":"","overlay-opacity":"","overlay-gradient":""},"mobile":{"background-color":"","background-image":"","background-repeat":"repeat","background-position":"center center","background-size":"auto","background-attachment":"scroll","background-type":"","background-media":"","overlay-type":"","overlay-color":"","overlay-opacity":"","overlay-gradient":""}},"ast-content-background-meta":{"desktop":{"background-color":"var(--ast-global-color-5)","background-image":"","background-repeat":"repeat","background-position":"center center","background-size":"auto","background-attachment":"scroll","background-type":"","background-media":"","overlay-type":"","overlay-color":"","overlay-opacity":"","overlay-gradient":""},"tablet":{"background-color":"var(--ast-global-color-5)","background-image":"","background-repeat":"repeat","background-position":"center center","background-size":"auto","background-attachment":"scroll","background-type":"","background-media":"","overlay-type":"","overlay-color":"","overlay-opacity":"","overlay-gradient":""},"mobile":{"background-color":"var(--ast-global-color-5)","background-image":"","background-repeat":"repeat","background-position":"center center","background-size":"auto","background-attachment":"scroll","background-type":"","background-media":"","overlay-type":"","overlay-color":"","overlay-opacity":"","overlay-gradient":""}}},"product_brand":[],"product_cat":[21],"product_tag":[307,438,183,924,567,925,441,384,926,651,176,927,320,654,928,126,929,930,303,337,181,670,671,465,931,679,704,123,872,339,708],"class_list":{"0":"post-1697","1":"product","2":"type-product","3":"status-publish","4":"has-post-thumbnail","6":"product_cat-receitas","7":"product_tag-alcoolismo","8":"product_tag-apneia-do-sono","9":"product_tag-artrite","10":"product_tag-artrose","11":"product_tag-cha","12":"product_tag-contusoes","13":"product_tag-depressao","14":"product_tag-diabetes","15":"product_tag-diabeticos","16":"product_tag-fitoterapeuta","17":"product_tag-fitoterapia","18":"product_tag-gravidez","19":"product_tag-hipertensao","20":"product_tag-incontinencia-urinaria","21":"product_tag-infusao","22":"product_tag-insonia","23":"product_tag-lactacao","24":"product_tag-manjerona","25":"product_tag-ortomolecular","26":"product_tag-pillow-pax","27":"product_tag-plantas-medicinais","28":"product_tag-prostatite","29":"product_tag-psicoterapeuta","30":"product_tag-psoriase","31":"product_tag-receita","32":"product_tag-redes-sociais","33":"product_tag-reumatismo","34":"product_tag-ronco","35":"product_tag-sono-pax","36":"product_tag-torcicolos","37":"product_tag-tratamento-natural","38":"desktop-align-left","39":"tablet-align-left","40":"mobile-align-left","42":"first","43":"instock","44":"shipping-taxable","45":"product-type-simple"},"yoast_head":"<!-- This site is optimized with the Yoast SEO plugin v27.1.1 - https:\/\/yoast.com\/product\/yoast-seo-wordpress\/ -->\n<title>Ch\u00e1 de MANJERONA Para Tratar o REUMATISMO - Kibazar<\/title>\n<meta name=\"description\" content=\"O ch\u00e1 de Manjerona funciona como rem\u00e9dio para reumatismo e tamb\u00e9m ajuda no tratamento da artrite e da artrose, de contus\u00f5es e torcicolos.\" \/>\n<meta name=\"robots\" content=\"index, follow, max-snippet:-1, max-image-preview:large, max-video-preview:-1\" \/>\n<link rel=\"canonical\" href=\"https:\/\/kibazar.com.br\/?product=cha-de-manjerona-para-tratar-o-reumatismo\" \/>\n<meta property=\"og:locale\" content=\"pt_BR\" \/>\n<meta property=\"og:type\" content=\"article\" \/>\n<meta property=\"og:title\" content=\"Ch\u00e1 de MANJERONA Para Tratar o REUMATISMO - Kibazar\" \/>\n<meta property=\"og:description\" content=\"O ch\u00e1 de Manjerona funciona como rem\u00e9dio para reumatismo e tamb\u00e9m ajuda no tratamento da artrite e da artrose, de contus\u00f5es e torcicolos.\" \/>\n<meta property=\"og:url\" content=\"https:\/\/kibazar.com.br\/?product=cha-de-manjerona-para-tratar-o-reumatismo\" \/>\n<meta property=\"og:site_name\" content=\"Kibazar\" \/>\n<meta property=\"article:modified_time\" content=\"2022-09-18T23:17:20+00:00\" \/>\n<meta property=\"og:image\" content=\"https:\/\/kibazar.com.br\/wp-content\/uploads\/2022\/09\/Imagem_Receitas_Cha-de-MANJERONA.1.jpg\" \/>\n\t<meta property=\"og:image:width\" content=\"960\" \/>\n\t<meta property=\"og:image:height\" content=\"720\" \/>\n\t<meta property=\"og:image:type\" content=\"image\/jpeg\" \/>\n<meta name=\"twitter:card\" content=\"summary_large_image\" \/>\n<meta name=\"twitter:label1\" content=\"Est. tempo de leitura\" \/>\n\t<meta name=\"twitter:data1\" content=\"2 minutos\" \/>\n<script type=\"application\/ld+json\" class=\"yoast-schema-graph\">{\"@context\":\"https:\/\/schema.org\",\"@graph\":[{\"@type\":\"WebPage\",\"@id\":\"https:\/\/kibazar.com.br\/?product=cha-de-manjerona-para-tratar-o-reumatismo\",\"url\":\"https:\/\/kibazar.com.br\/?product=cha-de-manjerona-para-tratar-o-reumatismo\",\"name\":\"Ch\u00e1 de MANJERONA Para Tratar o REUMATISMO - Kibazar\",\"isPartOf\":{\"@id\":\"https:\/\/kibazar.com.br\/#website\"},\"primaryImageOfPage\":{\"@id\":\"https:\/\/kibazar.com.br\/?product=cha-de-manjerona-para-tratar-o-reumatismo#primaryimage\"},\"image\":{\"@id\":\"https:\/\/kibazar.com.br\/?product=cha-de-manjerona-para-tratar-o-reumatismo#primaryimage\"},\"thumbnailUrl\":\"https:\/\/kibazar.com.br\/wp-content\/uploads\/2022\/09\/Imagem_Receitas_Cha-de-MANJERONA.1.jpg\",\"datePublished\":\"2022-09-18T19:31:05+00:00\",\"dateModified\":\"2022-09-18T23:17:20+00:00\",\"description\":\"O ch\u00e1 de Manjerona funciona como rem\u00e9dio para reumatismo e tamb\u00e9m ajuda no tratamento da artrite e da artrose, de contus\u00f5es e torcicolos.\",\"breadcrumb\":{\"@id\":\"https:\/\/kibazar.com.br\/?product=cha-de-manjerona-para-tratar-o-reumatismo#breadcrumb\"},\"inLanguage\":\"pt-BR\",\"potentialAction\":[{\"@type\":\"ReadAction\",\"target\":[\"https:\/\/kibazar.com.br\/?product=cha-de-manjerona-para-tratar-o-reumatismo\"]}]},{\"@type\":\"ImageObject\",\"inLanguage\":\"pt-BR\",\"@id\":\"https:\/\/kibazar.com.br\/?product=cha-de-manjerona-para-tratar-o-reumatismo#primaryimage\",\"url\":\"https:\/\/kibazar.com.br\/wp-content\/uploads\/2022\/09\/Imagem_Receitas_Cha-de-MANJERONA.1.jpg\",\"contentUrl\":\"https:\/\/kibazar.com.br\/wp-content\/uploads\/2022\/09\/Imagem_Receitas_Cha-de-MANJERONA.1.jpg\",\"width\":960,\"height\":720,\"caption\":\"Ch\u00e1 de MANJERONA Para Tratamento Natural do REUMATISMO\"},{\"@type\":\"BreadcrumbList\",\"@id\":\"https:\/\/kibazar.com.br\/?product=cha-de-manjerona-para-tratar-o-reumatismo#breadcrumb\",\"itemListElement\":[{\"@type\":\"ListItem\",\"position\":1,\"name\":\"In\u00edcio\",\"item\":\"https:\/\/kibazar.com.br\/\"},{\"@type\":\"ListItem\",\"position\":2,\"name\":\"Produtos\",\"item\":\"https:\/\/kibazar.com.br\/?page_id=11\"},{\"@type\":\"ListItem\",\"position\":3,\"name\":\"Ch\u00e1 de MANJERONA Para Tratar o REUMATISMO\"}]},{\"@type\":\"WebSite\",\"@id\":\"https:\/\/kibazar.com.br\/#website\",\"url\":\"https:\/\/kibazar.com.br\/\",\"name\":\"Kibazar\",\"description\":\"A sua loja de variedades\",\"publisher\":{\"@id\":\"https:\/\/kibazar.com.br\/#organization\"},\"potentialAction\":[{\"@type\":\"SearchAction\",\"target\":{\"@type\":\"EntryPoint\",\"urlTemplate\":\"https:\/\/kibazar.com.br\/?s={search_term_string}\"},\"query-input\":{\"@type\":\"PropertyValueSpecification\",\"valueRequired\":true,\"valueName\":\"search_term_string\"}}],\"inLanguage\":\"pt-BR\"},{\"@type\":\"Organization\",\"@id\":\"https:\/\/kibazar.com.br\/#organization\",\"name\":\"Kibazar\",\"url\":\"https:\/\/kibazar.com.br\/\",\"logo\":{\"@type\":\"ImageObject\",\"inLanguage\":\"pt-BR\",\"@id\":\"https:\/\/kibazar.com.br\/#\/schema\/logo\/image\/\",\"url\":\"https:\/\/kibazar.com.br\/wp-content\/uploads\/2022\/01\/LOGO.png\",\"contentUrl\":\"https:\/\/kibazar.com.br\/wp-content\/uploads\/2022\/01\/LOGO.png\",\"width\":1000,\"height\":232,\"caption\":\"Kibazar\"},\"image\":{\"@id\":\"https:\/\/kibazar.com.br\/#\/schema\/logo\/image\/\"}}]}<\/script>\n<!-- \/ Yoast SEO plugin. -->","yoast_head_json":{"title":"Ch\u00e1 de MANJERONA Para Tratar o REUMATISMO - Kibazar","description":"O ch\u00e1 de Manjerona funciona como rem\u00e9dio para reumatismo e tamb\u00e9m ajuda no tratamento da artrite e da artrose, de contus\u00f5es e torcicolos.","robots":{"index":"index","follow":"follow","max-snippet":"max-snippet:-1","max-image-preview":"max-image-preview:large","max-video-preview":"max-video-preview:-1"},"canonical":"https:\/\/kibazar.com.br\/?product=cha-de-manjerona-para-tratar-o-reumatismo","og_locale":"pt_BR","og_type":"article","og_title":"Ch\u00e1 de MANJERONA Para Tratar o REUMATISMO - Kibazar","og_description":"O ch\u00e1 de Manjerona funciona como rem\u00e9dio para reumatismo e tamb\u00e9m ajuda no tratamento da artrite e da artrose, de contus\u00f5es e torcicolos.","og_url":"https:\/\/kibazar.com.br\/?product=cha-de-manjerona-para-tratar-o-reumatismo","og_site_name":"Kibazar","article_modified_time":"2022-09-18T23:17:20+00:00","og_image":[{"width":960,"height":720,"url":"https:\/\/kibazar.com.br\/wp-content\/uploads\/2022\/09\/Imagem_Receitas_Cha-de-MANJERONA.1.jpg","type":"image\/jpeg"}],"twitter_card":"summary_large_image","twitter_misc":{"Est. tempo de leitura":"2 minutos"},"schema":{"@context":"https:\/\/schema.org","@graph":[{"@type":"WebPage","@id":"https:\/\/kibazar.com.br\/?product=cha-de-manjerona-para-tratar-o-reumatismo","url":"https:\/\/kibazar.com.br\/?product=cha-de-manjerona-para-tratar-o-reumatismo","name":"Ch\u00e1 de MANJERONA Para Tratar o REUMATISMO - Kibazar","isPartOf":{"@id":"https:\/\/kibazar.com.br\/#website"},"primaryImageOfPage":{"@id":"https:\/\/kibazar.com.br\/?product=cha-de-manjerona-para-tratar-o-reumatismo#primaryimage"},"image":{"@id":"https:\/\/kibazar.com.br\/?product=cha-de-manjerona-para-tratar-o-reumatismo#primaryimage"},"thumbnailUrl":"https:\/\/kibazar.com.br\/wp-content\/uploads\/2022\/09\/Imagem_Receitas_Cha-de-MANJERONA.1.jpg","datePublished":"2022-09-18T19:31:05+00:00","dateModified":"2022-09-18T23:17:20+00:00","description":"O ch\u00e1 de Manjerona funciona como rem\u00e9dio para reumatismo e tamb\u00e9m ajuda no tratamento da artrite e da artrose, de contus\u00f5es e torcicolos.","breadcrumb":{"@id":"https:\/\/kibazar.com.br\/?product=cha-de-manjerona-para-tratar-o-reumatismo#breadcrumb"},"inLanguage":"pt-BR","potentialAction":[{"@type":"ReadAction","target":["https:\/\/kibazar.com.br\/?product=cha-de-manjerona-para-tratar-o-reumatismo"]}]},{"@type":"ImageObject","inLanguage":"pt-BR","@id":"https:\/\/kibazar.com.br\/?product=cha-de-manjerona-para-tratar-o-reumatismo#primaryimage","url":"https:\/\/kibazar.com.br\/wp-content\/uploads\/2022\/09\/Imagem_Receitas_Cha-de-MANJERONA.1.jpg","contentUrl":"https:\/\/kibazar.com.br\/wp-content\/uploads\/2022\/09\/Imagem_Receitas_Cha-de-MANJERONA.1.jpg","width":960,"height":720,"caption":"Ch\u00e1 de MANJERONA Para Tratamento Natural do REUMATISMO"},{"@type":"BreadcrumbList","@id":"https:\/\/kibazar.com.br\/?product=cha-de-manjerona-para-tratar-o-reumatismo#breadcrumb","itemListElement":[{"@type":"ListItem","position":1,"name":"In\u00edcio","item":"https:\/\/kibazar.com.br\/"},{"@type":"ListItem","position":2,"name":"Produtos","item":"https:\/\/kibazar.com.br\/?page_id=11"},{"@type":"ListItem","position":3,"name":"Ch\u00e1 de MANJERONA Para Tratar o REUMATISMO"}]},{"@type":"WebSite","@id":"https:\/\/kibazar.com.br\/#website","url":"https:\/\/kibazar.com.br\/","name":"Kibazar","description":"A sua loja de variedades","publisher":{"@id":"https:\/\/kibazar.com.br\/#organization"},"potentialAction":[{"@type":"SearchAction","target":{"@type":"EntryPoint","urlTemplate":"https:\/\/kibazar.com.br\/?s={search_term_string}"},"query-input":{"@type":"PropertyValueSpecification","valueRequired":true,"valueName":"search_term_string"}}],"inLanguage":"pt-BR"},{"@type":"Organization","@id":"https:\/\/kibazar.com.br\/#organization","name":"Kibazar","url":"https:\/\/kibazar.com.br\/","logo":{"@type":"ImageObject","inLanguage":"pt-BR","@id":"https:\/\/kibazar.com.br\/#\/schema\/logo\/image\/","url":"https:\/\/kibazar.com.br\/wp-content\/uploads\/2022\/01\/LOGO.png","contentUrl":"https:\/\/kibazar.com.br\/wp-content\/uploads\/2022\/01\/LOGO.png","width":1000,"height":232,"caption":"Kibazar"},"image":{"@id":"https:\/\/kibazar.com.br\/#\/schema\/logo\/image\/"}}]}},"_links":{"self":[{"href":"https:\/\/kibazar.com.br\/index.php?rest_route=\/wp\/v2\/product\/1697","targetHints":{"allow":["GET"]}}],"collection":[{"href":"https:\/\/kibazar.com.br\/index.php?rest_route=\/wp\/v2\/product"}],"about":[{"href":"https:\/\/kibazar.com.br\/index.php?rest_route=\/wp\/v2\/types\/product"}],"replies":[{"embeddable":true,"href":"https:\/\/kibazar.com.br\/index.php?rest_route=%2Fwp%2Fv2%2Fcomments&post=1697"}],"wp:featuredmedia":[{"embeddable":true,"href":"https:\/\/kibazar.com.br\/index.php?rest_route=\/wp\/v2\/media\/1698"}],"wp:attachment":[{"href":"https:\/\/kibazar.com.br\/index.php?rest_route=%2Fwp%2Fv2%2Fmedia&parent=1697"}],"wp:term":[{"taxonomy":"product_brand","embeddable":true,"href":"https:\/\/kibazar.com.br\/index.php?rest_route=%2Fwp%2Fv2%2Fproduct_brand&post=1697"},{"taxonomy":"product_cat","embeddable":true,"href":"https:\/\/kibazar.com.br\/index.php?rest_route=%2Fwp%2Fv2%2Fproduct_cat&post=1697"},{"taxonomy":"product_tag","embeddable":true,"href":"https:\/\/kibazar.com.br\/index.php?rest_route=%2Fwp%2Fv2%2Fproduct_tag&post=1697"}],"curies":[{"name":"wp","href":"https:\/\/api.w.org\/{rel}","templated":true}]}}