{"id":1222,"date":"2022-05-27T12:06:50","date_gmt":"2022-05-27T15:06:50","guid":{"rendered":"https:\/\/kibazar.com.br\/?post_type=product&#038;p=1222"},"modified":"2022-06-14T10:29:11","modified_gmt":"2022-06-14T13:29:11","slug":"porta-comprimidos-branco-8-divisorias-uso-diario","status":"publish","type":"product","link":"https:\/\/kibazar.com.br\/?product=porta-comprimidos-branco-8-divisorias-uso-diario","title":{"rendered":"Porta Comprimidos Branco \u2013 8 Divis\u00f3rias \u2013 Uso Di\u00e1rio"},"content":{"rendered":"<h1 style=\"text-align: center;\"><strong><span style=\"color: #000000;\">Porta Comprimidos Branco<\/span><\/strong><\/h1>\n<h2 style=\"text-align: center;\"><strong><span style=\"color: #000000;\">8 Divis\u00f3rias\u00a0\u2013\u00a0Uso Di\u00e1rio<\/span><\/strong><\/h2>\n<p><span style=\"color: #000000;\">O\u00a0<strong>Porta Comprimidos Branco<\/strong>\u00a0\u00e9 \u00f3timo para o uso di\u00e1rio dos seus \u201c<strong>Comprimidos<\/strong>\u00a0e\u00a0<strong>Vitaminas em C\u00e1psulas<\/strong>\u201d.<\/span><\/p>\n<p><span style=\"color: #000000;\">Esse \u00e9 o jeito correto de levar seus\u00a0<strong>comprimidos<\/strong>\u00a0e\u00a0<strong>vitaminas em c\u00e1psulas<\/strong>\u00a0de forma higi\u00eanica e segura, para o seu trabalho ou mesmo que voc\u00ea esteja em viagem, para poder cuidar da sua sa\u00fade e bem-estar.<\/span><\/p>\n<p><span style=\"color: #000000;\"><strong>As medidas desse produto s\u00e3o:\u00a0<\/strong><\/span><span style=\"color: #000000;\"><span style=\"color: #b30c0c;\">Comprimento:<\/span>\u00a0<strong>9,7<\/strong>cm x\u00a0<span style=\"color: #b30c0c;\">Largura:<\/span>\u00a0<strong>7,2<\/strong>cm x\u00a0<span style=\"color: #b30c0c;\"><u>Altura<\/u>:<\/span>\u00a0<strong>2<\/strong>cm<\/span><\/p>\n<p><span style=\"color: #000000;\"><strong>\u27a4<\/strong>\u00a0<strong>FRETE:<\/strong>\u00a0Compradores com endere\u00e7o em S\u00e3o Paulo, capital e na Grande S\u00e3o Paulo, poder\u00e3o receber suas compras no seu endere\u00e7o \u201cSEM COBRAN\u00c7A DE FRETE\u201d e no \u201cMESMO DIA DA COMPRA\u201d at\u00e9 \u00e0s 22:00.<\/span><\/p>\n<p style=\"text-align: center;\"><span style=\"color: #000000;\"><strong>***<\/strong> O Pagamento pelo nosso <strong>PIX<\/strong>\u00a0<span style=\"color: #b30c0c;\">11995242828<\/span>\u00a0tem\u00a0<strong>5% de desconto + 5% de\u00a0<\/strong><strong>BONUS<\/strong>\u00a0para a pr\u00f3xima compra.<\/span><\/p>\n<h2><strong><span style=\"color: #c90808;\">\u27a4<\/span>\u00a0<\/strong><strong><span style=\"color: #000000;\">Grandes Quantidades de Porta Comprimidos<\/span><\/strong><\/h2>\n<p><span style=\"color: #000000;\">Voc\u00ea tamb\u00e9m pode comprar nossos\u00a0<strong>porta comprimidos<\/strong>\u00a0ao\u00a0<strong>valor de ATACADO<\/strong>, sob consulta de pre\u00e7o por unidade, de\u00a0<strong>50<\/strong>\u00a0at\u00e9\u00a0<strong>1000<\/strong>\u00a0unidades\u00a0ou mais.<\/span><\/p>\n<h2><strong><span style=\"color: #c90808;\">\u27a4<\/span> <\/strong><strong><span style=\"color: #000000;\">Porta Comprimidos de <span style=\"color: #e35e05;\">BRINDE<\/span> Para Seus Clientes<\/span><\/strong><\/h2>\n<p><span style=\"color: #000000;\">Seus\u00a0<strong>porta comprimidos<\/strong>\u00a0tamb\u00e9m poder\u00e3o ser\u00a0<strong>decorados<\/strong> com o &#8220;<strong>Logotipo<\/strong>, <strong>Site<\/strong>, <strong>Telefone<\/strong>, <strong>Whatsapp<\/strong>, <strong>Endere\u00e7o<\/strong>&#8221;\u00a0e demais informa\u00e7\u00f5es da sua empresa ou loja.<\/span><\/p>\n<p><span style=\"color: #000000;\">Voc\u00ea poder\u00e1 enviar a\u00a0<strong>arte gr\u00e1fica<\/strong>\u00a0para a decora\u00e7\u00e3o ou poder\u00e1 deixar por nossa conta, se preferir.<\/span><\/p>\n<p><span style=\"color: #000000;\">Esse produto pode ser uma boa ideia como\u00a0<span style=\"color: #b30c0c;\"><strong>BRINDE<\/strong><\/span>\u00a0para clientes que compram seus outros produtos e assim voc\u00ea sempre ser\u00e1 mais lembrado do que outras empresas ou lojas.<\/span><\/p>\n<p><span style=\"color: #000000;\">Aguardamos seu contato para mais informa\u00e7\u00f5es.<\/span><\/p>\n<p style=\"text-align: justify; padding-left: 80px;\"><a href=\"https:\/\/kibazar.com.br\/?product=dhea-o-super-hormonio-do-anti-envelhecimento\" target=\"_blank\" rel=\"noopener\"><span style=\"color: #b80707;\"><strong>DHEA<\/strong> \u2013 O Super-Horm\u00f4nio do Anti Envelhecimento<\/span><\/a> <a href=\"https:\/\/kibazar.com.br\/?product=dhea-o-super-hormonio-do-anti-envelhecimento\" target=\"_blank\" rel=\"noopener\"><img decoding=\"async\" class=\"alignnone wp-image-495\" src=\"https:\/\/kibazar.com.br\/wp-content\/uploads\/2022\/01\/Imagem_DHEA.Plus_.Schiff.25mg.350.tb_01-150x150.jpg\" alt=\"DHEA \u2013 O Super-Horm\u00f4nio do Anti Envelhecimento\" width=\"200\" height=\"200\" srcset=\"https:\/\/kibazar.com.br\/wp-content\/uploads\/2022\/01\/Imagem_DHEA.Plus_.Schiff.25mg.350.tb_01-150x150.jpg 150w, https:\/\/kibazar.com.br\/wp-content\/uploads\/2022\/01\/Imagem_DHEA.Plus_.Schiff.25mg.350.tb_01-300x300.jpg 300w, https:\/\/kibazar.com.br\/wp-content\/uploads\/2022\/01\/Imagem_DHEA.Plus_.Schiff.25mg.350.tb_01-100x100.jpg 100w, https:\/\/kibazar.com.br\/wp-content\/uploads\/2022\/01\/Imagem_DHEA.Plus_.Schiff.25mg.350.tb_01-462x462.jpg 462w, https:\/\/kibazar.com.br\/wp-content\/uploads\/2022\/01\/Imagem_DHEA.Plus_.Schiff.25mg.350.tb_01.jpg 720w\" sizes=\"(max-width: 200px) 100vw, 200px\" \/><\/a><\/p>\n<h4 style=\"padding-left: 80px;\"><span style=\"color: #000000;\"><strong>Reda\u00e7\u00e3o:<\/strong> <em><span style=\"color: #0000ff;\">SCHNEIDER Sa\u00fade e Terapia<\/span> \u2013 Sua Sa\u00fade Levada a S\u00e9rio<\/em><\/span><\/h4>\n<h4 style=\"padding-left: 80px;\"><span style=\"color: #000000;\">S\u00e9rgio Schneider<\/span><\/h4>\n<h4 style=\"padding-left: 80px;\"><span style=\"color: #000000;\"><strong>CRT:<\/strong> 42.237<\/span><\/h4>\n<h4 style=\"padding-left: 80px;\"><span style=\"color: #000000;\"><strong>Sinaten:<\/strong> CTN-SP 2732<\/span><\/h4>\n<p>&nbsp;<\/p>\n<h4><span style=\"color: #000000;\"><strong>TERAPEUTA DO SONO<\/strong><\/span><\/h4>\n<h4><span style=\"color: #000000;\">Fitoterapeuta, Psicoterapeuta e Ortomolecular<\/span><\/h4>\n<h4><span style=\"color: #000000;\">Especialista em Plantas Medicinais<\/span><\/h4>\n<h4><span style=\"color: #000000;\">P\u00f3s-Graduado em Fitoterapia Cl\u00ednica<\/span><\/h4>\n<h4><span style=\"color: #000000;\">Especializado em Incontin\u00eancia Urin\u00e1ria e Prostatite<\/span><\/h4>\n<h4><span style=\"color: #000000;\"><strong>Principais Tratamentos:<\/strong> <a href=\"http:\/\/www.saudeeterapia.com.br\/produtos\/sono-pax-aparelho-anti-ronco-e-apneia-do-sono\/\" target=\"_blank\" rel=\"noopener\"><strong>Ronco<\/strong><\/a>, <a href=\"http:\/\/www.saudeeterapia.com.br\/produtos\/travesseiro-pillow-pax-anti-ronco-apneia-do-sono-e-caimbras\/\" target=\"_blank\" rel=\"noopener\"><strong>Apneia do Sono<\/strong><\/a> e Ins\u00f4nia<\/span><\/h4>\n<h4><span style=\"color: #000000;\"><u>Mais Tratamentos<\/u>: <strong>Alcoolismo<\/strong>, <strong>Depress\u00e3o<\/strong>, <strong>Diabetes<\/strong>, <strong>Hipertens\u00e3o<\/strong> e <strong>Psor\u00edase<\/strong><\/span><\/h4>\n<p>&nbsp;<\/p>\n<h3 style=\"padding-left: 160px;\"><span style=\"color: #000000;\"><strong>Loja:<\/strong> <a href=\"http:\/\/www.saudeeterapia.com.br\" target=\"_blank\" rel=\"noopener\">www.saudeeterapia.com.br<\/a><\/span><\/h3>\n<h3 style=\"padding-left: 160px;\"><span style=\"color: #000000;\"><strong>Tel.<\/strong> (<strong>11<\/strong>) 5044-0606<\/span><\/h3>\n<h3 style=\"padding-left: 160px;\"><span style=\"color: #000000;\"><strong>Cel.<\/strong> (<strong>11<\/strong>) 9.9524-2828 \u2013 <strong>WhatsApp<\/strong><\/span><\/h3>\n<p>&nbsp;<\/p>\n","protected":false},"excerpt":{"rendered":"<p style=\"text-align: justify;\"><span style=\"color: #000000;\">O\u00a0<strong>Porta Comprimidos<\/strong>\u00a0\u00e9 \u00f3timo para o uso di\u00e1rio dos seus \u201c<strong>Comprimidos<\/strong>\u00a0e\u00a0<strong>Vitaminas<\/strong> em <span style=\"color: #0000ff;\"><strong>C\u00e1psulas<\/strong><\/span> ou <span style=\"color: #0000ff;\"><strong>Tabletes<\/strong><\/span>\u201d. \u00c9 o jeito correto e a forma higi\u00eanica e segura, para levar ao seu trabalho ou mesmo que voc\u00ea esteja em viagem, para poder cuidar da sua sa\u00fade e bem-estar.<\/span><\/p>\n","protected":false},"featured_media":1223,"comment_status":"open","ping_status":"closed","template":"","meta":{"site-sidebar-layout":"default","site-content-layout":"default","ast-site-content-layout":"default","site-content-style":"default","site-sidebar-style":"default","ast-global-header-display":"","ast-banner-title-visibility":"","ast-main-header-display":"","ast-hfb-above-header-display":"","ast-hfb-below-header-display":"","ast-hfb-mobile-header-display":"","site-post-title":"","ast-breadcrumbs-content":"","ast-featured-img":"","footer-sml-layout":"","ast-disable-related-posts":"","theme-transparent-header-meta":"default","adv-header-id-meta":"","stick-header-meta":"","header-above-stick-meta":"","header-main-stick-meta":"","header-below-stick-meta":"","astra-migrate-meta-layouts":"default","ast-page-background-enabled":"default","ast-page-background-meta":{"desktop":{"background-color":"var(--ast-global-color-4)","background-image":"","background-repeat":"repeat","background-position":"center center","background-size":"auto","background-attachment":"scroll","background-type":"","background-media":"","overlay-type":"","overlay-color":"","overlay-opacity":"","overlay-gradient":""},"tablet":{"background-color":"","background-image":"","background-repeat":"repeat","background-position":"center center","background-size":"auto","background-attachment":"scroll","background-type":"","background-media":"","overlay-type":"","overlay-color":"","overlay-opacity":"","overlay-gradient":""},"mobile":{"background-color":"","background-image":"","background-repeat":"repeat","background-position":"center center","background-size":"auto","background-attachment":"scroll","background-type":"","background-media":"","overlay-type":"","overlay-color":"","overlay-opacity":"","overlay-gradient":""}},"ast-content-background-meta":{"desktop":{"background-color":"var(--ast-global-color-5)","background-image":"","background-repeat":"repeat","background-position":"center center","background-size":"auto","background-attachment":"scroll","background-type":"","background-media":"","overlay-type":"","overlay-color":"","overlay-opacity":"","overlay-gradient":""},"tablet":{"background-color":"var(--ast-global-color-5)","background-image":"","background-repeat":"repeat","background-position":"center center","background-size":"auto","background-attachment":"scroll","background-type":"","background-media":"","overlay-type":"","overlay-color":"","overlay-opacity":"","overlay-gradient":""},"mobile":{"background-color":"var(--ast-global-color-5)","background-image":"","background-repeat":"repeat","background-position":"center center","background-size":"auto","background-attachment":"scroll","background-type":"","background-media":"","overlay-type":"","overlay-color":"","overlay-opacity":"","overlay-gradient":""}}},"product_brand":[],"product_cat":[145,146],"product_tag":[235,234,236,237],"class_list":{"0":"post-1222","1":"product","2":"type-product","3":"status-publish","4":"has-post-thumbnail","6":"product_cat-esportes-e-fitness","7":"product_cat-porta-comprimidos","8":"product_tag-capsulas","9":"product_tag-porta-comprimidos","10":"product_tag-tabletes","11":"product_tag-vitaminas","12":"desktop-align-left","13":"tablet-align-left","14":"mobile-align-left","16":"first","17":"instock","18":"shipping-taxable","19":"purchasable","20":"product-type-simple"},"yoast_head":"<!-- This site is optimized with the Yoast SEO plugin v27.1.1 - https:\/\/yoast.com\/product\/yoast-seo-wordpress\/ -->\n<title>Porta Comprimidos Branco \u2013 8 Divis\u00f3rias \u2013 Uso Di\u00e1rio - Kibazar<\/title>\n<meta name=\"description\" content=\"O\u00a0Porta Comprimidos\u00a0\u00e9 \u00f3timo para o uso di\u00e1rio dos seus Comprimidos\u00a0e\u00a0Vitaminas em C\u00e1psulas, para voc\u00ea levar ao trabalho ou na sua viagem.\" \/>\n<meta name=\"robots\" content=\"index, follow, max-snippet:-1, max-image-preview:large, max-video-preview:-1\" \/>\n<link rel=\"canonical\" href=\"https:\/\/kibazar.com.br\/?product=porta-comprimidos-branco-8-divisorias-uso-diario\" \/>\n<meta property=\"og:locale\" content=\"pt_BR\" \/>\n<meta property=\"og:type\" content=\"article\" \/>\n<meta property=\"og:title\" content=\"Porta Comprimidos Branco \u2013 8 Divis\u00f3rias \u2013 Uso Di\u00e1rio - Kibazar\" \/>\n<meta property=\"og:description\" content=\"O\u00a0Porta Comprimidos\u00a0\u00e9 \u00f3timo para o uso di\u00e1rio dos seus Comprimidos\u00a0e\u00a0Vitaminas em C\u00e1psulas, para voc\u00ea levar ao trabalho ou na sua viagem.\" \/>\n<meta property=\"og:url\" content=\"https:\/\/kibazar.com.br\/?product=porta-comprimidos-branco-8-divisorias-uso-diario\" \/>\n<meta property=\"og:site_name\" content=\"Kibazar\" \/>\n<meta property=\"article:modified_time\" content=\"2022-06-14T13:29:11+00:00\" \/>\n<meta property=\"og:image\" content=\"https:\/\/kibazar.com.br\/wp-content\/uploads\/2022\/05\/imagem_porta-comprimidos_sst-11-d87a047f30490a744215702043706981-640-0.jpg\" \/>\n\t<meta property=\"og:image:width\" content=\"640\" \/>\n\t<meta property=\"og:image:height\" content=\"480\" \/>\n\t<meta property=\"og:image:type\" content=\"image\/jpeg\" \/>\n<meta name=\"twitter:card\" content=\"summary_large_image\" \/>\n<meta name=\"twitter:label1\" content=\"Est. tempo de leitura\" \/>\n\t<meta name=\"twitter:data1\" content=\"2 minutos\" \/>\n<script type=\"application\/ld+json\" class=\"yoast-schema-graph\">{\"@context\":\"https:\/\/schema.org\",\"@graph\":[{\"@type\":\"WebPage\",\"@id\":\"https:\/\/kibazar.com.br\/?product=porta-comprimidos-branco-8-divisorias-uso-diario\",\"url\":\"https:\/\/kibazar.com.br\/?product=porta-comprimidos-branco-8-divisorias-uso-diario\",\"name\":\"Porta Comprimidos Branco \u2013 8 Divis\u00f3rias \u2013 Uso Di\u00e1rio - Kibazar\",\"isPartOf\":{\"@id\":\"https:\/\/kibazar.com.br\/#website\"},\"primaryImageOfPage\":{\"@id\":\"https:\/\/kibazar.com.br\/?product=porta-comprimidos-branco-8-divisorias-uso-diario#primaryimage\"},\"image\":{\"@id\":\"https:\/\/kibazar.com.br\/?product=porta-comprimidos-branco-8-divisorias-uso-diario#primaryimage\"},\"thumbnailUrl\":\"https:\/\/kibazar.com.br\/wp-content\/uploads\/2022\/05\/imagem_porta-comprimidos_sst-11-d87a047f30490a744215702043706981-640-0.jpg\",\"datePublished\":\"2022-05-27T15:06:50+00:00\",\"dateModified\":\"2022-06-14T13:29:11+00:00\",\"description\":\"O\u00a0Porta Comprimidos\u00a0\u00e9 \u00f3timo para o uso di\u00e1rio dos seus Comprimidos\u00a0e\u00a0Vitaminas em C\u00e1psulas, para voc\u00ea levar ao trabalho ou na sua viagem.\",\"breadcrumb\":{\"@id\":\"https:\/\/kibazar.com.br\/?product=porta-comprimidos-branco-8-divisorias-uso-diario#breadcrumb\"},\"inLanguage\":\"pt-BR\",\"potentialAction\":[{\"@type\":\"ReadAction\",\"target\":[\"https:\/\/kibazar.com.br\/?product=porta-comprimidos-branco-8-divisorias-uso-diario\"]}]},{\"@type\":\"ImageObject\",\"inLanguage\":\"pt-BR\",\"@id\":\"https:\/\/kibazar.com.br\/?product=porta-comprimidos-branco-8-divisorias-uso-diario#primaryimage\",\"url\":\"https:\/\/kibazar.com.br\/wp-content\/uploads\/2022\/05\/imagem_porta-comprimidos_sst-11-d87a047f30490a744215702043706981-640-0.jpg\",\"contentUrl\":\"https:\/\/kibazar.com.br\/wp-content\/uploads\/2022\/05\/imagem_porta-comprimidos_sst-11-d87a047f30490a744215702043706981-640-0.jpg\",\"width\":640,\"height\":480,\"caption\":\"Porta Comprimidos Branco \u2013 8 Divis\u00f3rias\"},{\"@type\":\"BreadcrumbList\",\"@id\":\"https:\/\/kibazar.com.br\/?product=porta-comprimidos-branco-8-divisorias-uso-diario#breadcrumb\",\"itemListElement\":[{\"@type\":\"ListItem\",\"position\":1,\"name\":\"In\u00edcio\",\"item\":\"https:\/\/kibazar.com.br\/\"},{\"@type\":\"ListItem\",\"position\":2,\"name\":\"Produtos\",\"item\":\"https:\/\/kibazar.com.br\/?page_id=11\"},{\"@type\":\"ListItem\",\"position\":3,\"name\":\"Porta Comprimidos Branco \u2013 8 Divis\u00f3rias \u2013 Uso Di\u00e1rio\"}]},{\"@type\":\"WebSite\",\"@id\":\"https:\/\/kibazar.com.br\/#website\",\"url\":\"https:\/\/kibazar.com.br\/\",\"name\":\"Kibazar\",\"description\":\"A sua loja de variedades\",\"publisher\":{\"@id\":\"https:\/\/kibazar.com.br\/#organization\"},\"potentialAction\":[{\"@type\":\"SearchAction\",\"target\":{\"@type\":\"EntryPoint\",\"urlTemplate\":\"https:\/\/kibazar.com.br\/?s={search_term_string}\"},\"query-input\":{\"@type\":\"PropertyValueSpecification\",\"valueRequired\":true,\"valueName\":\"search_term_string\"}}],\"inLanguage\":\"pt-BR\"},{\"@type\":\"Organization\",\"@id\":\"https:\/\/kibazar.com.br\/#organization\",\"name\":\"Kibazar\",\"url\":\"https:\/\/kibazar.com.br\/\",\"logo\":{\"@type\":\"ImageObject\",\"inLanguage\":\"pt-BR\",\"@id\":\"https:\/\/kibazar.com.br\/#\/schema\/logo\/image\/\",\"url\":\"https:\/\/kibazar.com.br\/wp-content\/uploads\/2022\/01\/LOGO.png\",\"contentUrl\":\"https:\/\/kibazar.com.br\/wp-content\/uploads\/2022\/01\/LOGO.png\",\"width\":1000,\"height\":232,\"caption\":\"Kibazar\"},\"image\":{\"@id\":\"https:\/\/kibazar.com.br\/#\/schema\/logo\/image\/\"}}]}<\/script>\n<!-- \/ Yoast SEO plugin. -->","yoast_head_json":{"title":"Porta Comprimidos Branco \u2013 8 Divis\u00f3rias \u2013 Uso Di\u00e1rio - Kibazar","description":"O\u00a0Porta Comprimidos\u00a0\u00e9 \u00f3timo para o uso di\u00e1rio dos seus Comprimidos\u00a0e\u00a0Vitaminas em C\u00e1psulas, para voc\u00ea levar ao trabalho ou na sua viagem.","robots":{"index":"index","follow":"follow","max-snippet":"max-snippet:-1","max-image-preview":"max-image-preview:large","max-video-preview":"max-video-preview:-1"},"canonical":"https:\/\/kibazar.com.br\/?product=porta-comprimidos-branco-8-divisorias-uso-diario","og_locale":"pt_BR","og_type":"article","og_title":"Porta Comprimidos Branco \u2013 8 Divis\u00f3rias \u2013 Uso Di\u00e1rio - Kibazar","og_description":"O\u00a0Porta Comprimidos\u00a0\u00e9 \u00f3timo para o uso di\u00e1rio dos seus Comprimidos\u00a0e\u00a0Vitaminas em C\u00e1psulas, para voc\u00ea levar ao trabalho ou na sua viagem.","og_url":"https:\/\/kibazar.com.br\/?product=porta-comprimidos-branco-8-divisorias-uso-diario","og_site_name":"Kibazar","article_modified_time":"2022-06-14T13:29:11+00:00","og_image":[{"width":640,"height":480,"url":"https:\/\/kibazar.com.br\/wp-content\/uploads\/2022\/05\/imagem_porta-comprimidos_sst-11-d87a047f30490a744215702043706981-640-0.jpg","type":"image\/jpeg"}],"twitter_card":"summary_large_image","twitter_misc":{"Est. tempo de leitura":"2 minutos"},"schema":{"@context":"https:\/\/schema.org","@graph":[{"@type":"WebPage","@id":"https:\/\/kibazar.com.br\/?product=porta-comprimidos-branco-8-divisorias-uso-diario","url":"https:\/\/kibazar.com.br\/?product=porta-comprimidos-branco-8-divisorias-uso-diario","name":"Porta Comprimidos Branco \u2013 8 Divis\u00f3rias \u2013 Uso Di\u00e1rio - Kibazar","isPartOf":{"@id":"https:\/\/kibazar.com.br\/#website"},"primaryImageOfPage":{"@id":"https:\/\/kibazar.com.br\/?product=porta-comprimidos-branco-8-divisorias-uso-diario#primaryimage"},"image":{"@id":"https:\/\/kibazar.com.br\/?product=porta-comprimidos-branco-8-divisorias-uso-diario#primaryimage"},"thumbnailUrl":"https:\/\/kibazar.com.br\/wp-content\/uploads\/2022\/05\/imagem_porta-comprimidos_sst-11-d87a047f30490a744215702043706981-640-0.jpg","datePublished":"2022-05-27T15:06:50+00:00","dateModified":"2022-06-14T13:29:11+00:00","description":"O\u00a0Porta Comprimidos\u00a0\u00e9 \u00f3timo para o uso di\u00e1rio dos seus Comprimidos\u00a0e\u00a0Vitaminas em C\u00e1psulas, para voc\u00ea levar ao trabalho ou na sua viagem.","breadcrumb":{"@id":"https:\/\/kibazar.com.br\/?product=porta-comprimidos-branco-8-divisorias-uso-diario#breadcrumb"},"inLanguage":"pt-BR","potentialAction":[{"@type":"ReadAction","target":["https:\/\/kibazar.com.br\/?product=porta-comprimidos-branco-8-divisorias-uso-diario"]}]},{"@type":"ImageObject","inLanguage":"pt-BR","@id":"https:\/\/kibazar.com.br\/?product=porta-comprimidos-branco-8-divisorias-uso-diario#primaryimage","url":"https:\/\/kibazar.com.br\/wp-content\/uploads\/2022\/05\/imagem_porta-comprimidos_sst-11-d87a047f30490a744215702043706981-640-0.jpg","contentUrl":"https:\/\/kibazar.com.br\/wp-content\/uploads\/2022\/05\/imagem_porta-comprimidos_sst-11-d87a047f30490a744215702043706981-640-0.jpg","width":640,"height":480,"caption":"Porta Comprimidos Branco \u2013 8 Divis\u00f3rias"},{"@type":"BreadcrumbList","@id":"https:\/\/kibazar.com.br\/?product=porta-comprimidos-branco-8-divisorias-uso-diario#breadcrumb","itemListElement":[{"@type":"ListItem","position":1,"name":"In\u00edcio","item":"https:\/\/kibazar.com.br\/"},{"@type":"ListItem","position":2,"name":"Produtos","item":"https:\/\/kibazar.com.br\/?page_id=11"},{"@type":"ListItem","position":3,"name":"Porta Comprimidos Branco \u2013 8 Divis\u00f3rias \u2013 Uso Di\u00e1rio"}]},{"@type":"WebSite","@id":"https:\/\/kibazar.com.br\/#website","url":"https:\/\/kibazar.com.br\/","name":"Kibazar","description":"A sua loja de variedades","publisher":{"@id":"https:\/\/kibazar.com.br\/#organization"},"potentialAction":[{"@type":"SearchAction","target":{"@type":"EntryPoint","urlTemplate":"https:\/\/kibazar.com.br\/?s={search_term_string}"},"query-input":{"@type":"PropertyValueSpecification","valueRequired":true,"valueName":"search_term_string"}}],"inLanguage":"pt-BR"},{"@type":"Organization","@id":"https:\/\/kibazar.com.br\/#organization","name":"Kibazar","url":"https:\/\/kibazar.com.br\/","logo":{"@type":"ImageObject","inLanguage":"pt-BR","@id":"https:\/\/kibazar.com.br\/#\/schema\/logo\/image\/","url":"https:\/\/kibazar.com.br\/wp-content\/uploads\/2022\/01\/LOGO.png","contentUrl":"https:\/\/kibazar.com.br\/wp-content\/uploads\/2022\/01\/LOGO.png","width":1000,"height":232,"caption":"Kibazar"},"image":{"@id":"https:\/\/kibazar.com.br\/#\/schema\/logo\/image\/"}}]}},"_links":{"self":[{"href":"https:\/\/kibazar.com.br\/index.php?rest_route=\/wp\/v2\/product\/1222","targetHints":{"allow":["GET"]}}],"collection":[{"href":"https:\/\/kibazar.com.br\/index.php?rest_route=\/wp\/v2\/product"}],"about":[{"href":"https:\/\/kibazar.com.br\/index.php?rest_route=\/wp\/v2\/types\/product"}],"replies":[{"embeddable":true,"href":"https:\/\/kibazar.com.br\/index.php?rest_route=%2Fwp%2Fv2%2Fcomments&post=1222"}],"wp:featuredmedia":[{"embeddable":true,"href":"https:\/\/kibazar.com.br\/index.php?rest_route=\/wp\/v2\/media\/1223"}],"wp:attachment":[{"href":"https:\/\/kibazar.com.br\/index.php?rest_route=%2Fwp%2Fv2%2Fmedia&parent=1222"}],"wp:term":[{"taxonomy":"product_brand","embeddable":true,"href":"https:\/\/kibazar.com.br\/index.php?rest_route=%2Fwp%2Fv2%2Fproduct_brand&post=1222"},{"taxonomy":"product_cat","embeddable":true,"href":"https:\/\/kibazar.com.br\/index.php?rest_route=%2Fwp%2Fv2%2Fproduct_cat&post=1222"},{"taxonomy":"product_tag","embeddable":true,"href":"https:\/\/kibazar.com.br\/index.php?rest_route=%2Fwp%2Fv2%2Fproduct_tag&post=1222"}],"curies":[{"name":"wp","href":"https:\/\/api.w.org\/{rel}","templated":true}]}}