{"id":1218,"date":"2022-05-27T11:56:13","date_gmt":"2022-05-27T14:56:13","guid":{"rendered":"https:\/\/kibazar.com.br\/?post_type=product&#038;p=1218"},"modified":"2022-06-14T12:52:55","modified_gmt":"2022-06-14T15:52:55","slug":"desodorante-aloe-ever-shield","status":"publish","type":"product","link":"https:\/\/kibazar.com.br\/?product=desodorante-aloe-ever-shield","title":{"rendered":"Desodorante ALOE EVER-SHIELD"},"content":{"rendered":"<h1 align=\"center\"><strong><span style=\"color: #000000;\">Desodorante\u00a0ALOE EVER-SHIELD<\/span><\/strong><\/h1>\n<h5 align=\"center\"><span style=\"color: #3366ff;\"><strong>Sem Riscos Para a Sua SA\u00daDE<\/strong><\/span><\/h5>\n<h5 align=\"center\"><span style=\"color: #000000;\"><em>Made in USA<\/em><\/span><\/h5>\n<p>&nbsp;<\/p>\n<p><span style=\"color: #000000;\">O desodorante <span style=\"color: #008000;\"><strong>ALOE EVER-SHIELD<\/strong><\/span> tem em sua suave f\u00f3rmula &#8220;<span style=\"color: #008000;\">gel de <strong>Aloe Vera<\/strong><\/span>&#8221; estabilizado, que proporciona prote\u00e7\u00e3o eficaz durante o dia todo e <strong>n\u00e3o mancha as roupas<\/strong>. Um desodorante essencial para os cuidados e a higiene do seu corpo, no dia a dia.<\/span><\/p>\n<p><span style=\"color: #000000;\">A manuten\u00e7\u00e3o de uma sensa\u00e7\u00e3o de frescor, desde o come\u00e7o do dia \u00e9 uma incentivadora condi\u00e7\u00e3o de confian\u00e7a, em tempo quente e quando estamos sob press\u00e3o.<\/span><\/p>\n<h2><strong><span style=\"color: #000000;\">Desodorante\u00a0ALOE EVER-SHIELD<\/span><\/strong><\/h2>\n<h4><span style=\"color: #000000;\"><strong>Para Homens e Mulheres Esclarecidas<\/strong><\/span><\/h4>\n<p><span style=\"color: #000000;\"><a style=\"color: #000000;\" href=\"https:\/\/d26lpennugtm8s.cloudfront.net\/stores\/001\/059\/049\/rte\/Imagem_DESODORANTE.1.jpg\" target=\"_blank\" rel=\"noopener\"><img fetchpriority=\"high\" decoding=\"async\" class=\"alignright\" src=\"https:\/\/d26lpennugtm8s.cloudfront.net\/stores\/001\/059\/049\/rte\/Imagem_DESODORANTE.1.jpg\" alt=\"\" width=\"284\" height=\"422\" \/><\/a>A f\u00f3rmula suave com\u00a0<strong>Aloe Vera<\/strong>\u00a0estabilizado, n\u00e3o cont\u00e9m combina\u00e7\u00f5es danosas a sua sa\u00fade, como os sais (de\u00a0<strong>alum\u00ednio<\/strong>) anti-transpirantes, encontrados em tantos outros desodorantes do mercado. O\u00a0<strong>alum\u00ednio<\/strong>\u00a0\u00e9 um metal t\u00f3xico e os mais importantes efeitos danosos do seu excesso parecem encontrar-se no\u00a0<u>Sistema Nervoso Central<\/u>.<\/span><\/p>\n<p><span style=\"color: #000000;\">O alum\u00ednio tamb\u00e9m pode fazer elevar o teor de C\u00e1lcio no Sangue que, por sua vez, pode provocar dores nos Ossos e outros sintomas.<\/span><\/p>\n<p><span style=\"color: #000000;\">Temos orgulho em trazer para VOC\u00ca um produto que eliminou esses perigos, sem o comprometimento da qualidade.<\/span><\/p>\n<p><span style=\"color: #000000;\">A conveniente forma em bast\u00e3o permite aplicar o Desodorante\u00a0ALOE EVER-SHIELD\u00a0na medida necess\u00e1ria. Sua formula\u00e7\u00e3o especial desliza suavemente sobre a sua pele e N\u00c3O MANCHA suas roupas, mesmo ap\u00f3s o uso prolongado.<\/span><\/p>\n<h2><strong><span style=\"color: #000000;\">Ingredientes do Desodorante\u00a0ALOE EVER-SHIELD<\/span><\/strong><\/h2>\n<p><span style=\"color: #000000;\"><strong>INGREDIENTES:<\/strong>\u00a0Gel de Aloe Vera Estabilizado \u2013 \u00c1gua Purificada \u2013 Estearato de S\u00f3dio \u2013 Fragr\u00e2ncia \u2013 Propileno Glicol \u2013\u00a0Triclosan.<\/span><\/p>\n<p><span style=\"color: #000000;\"><strong>TRICLOSAN\u00a0<\/strong>\u2013 O\u00a0Triclosan\u00a0\u00e9 um efetivo Anti-Microbiano \u2013 Anti-S\u00e9ptico \u2013 Bactericida \u2013 Fungicida \u2013 Viricida e combate Bolores. O\u00a0Triclosan\u00a0\u00e9 um Bacteriost\u00e1tico efetivo em um amplo espectro de microrganismos. Apresenta boa toler\u00e2ncia para a pele, \u00e9 est\u00e1vel \u00e0 eletr\u00f3lise e seguro para o meio ambiente.<\/span><\/p>\n<p><span style=\"color: #000000;\"><strong>PONTOS-CHAVE<\/strong>: O Desodorante\u00a0ALOE EVER-SHIELD\u00a0n\u00e3o cont\u00e9m\u00a0SAIS DE ALUM\u00cdNIO\u00a0\u2013 N\u00e3o mancha as ROUPAS \u2013 Pode ser usado diretamente nas AXILAS ap\u00f3s o Banho ou \u00e0 Depila\u00e7\u00e3o \u2013 Pode ser usado no Tratamento do\u00a0CHUL\u00c9\u00a0\u2013 Sua conveniente forma em bast\u00e3o minimiza o desperd\u00edcio.<\/span><\/p>\n<p><span style=\"color: #000000;\"><strong>INDICA\u00c7\u00d5ES<\/strong>:\u00a0O\u00a0Desodorante\u00a0ALOE EVER-SHIELD\u00a0\u00e9 excelente para ser usado em:\u00a0Acnes\u00a0\u2013\u00a0Axilas\u00a0\u2013\u00a0Coceiras\u00a0\u2013\u00a0Espinhas\u00a0\u2013\u00a0P\u00e9s\u00a0\u2013\u00a0Picadas de Insetos\u00a0\u2013\u00a0Psor\u00edase, etc.<\/span><\/p>\n<p><span style=\"color: #000000;\"><strong><a style=\"color: #000000;\" href=\"https:\/\/d26lpennugtm8s.cloudfront.net\/stores\/001\/059\/049\/rte\/Imagem_FLP_ALOE-EVER-SHIELD.2.jpg\" target=\"_blank\" rel=\"noopener\"><img decoding=\"async\" class=\"alignleft\" src=\"https:\/\/d26lpennugtm8s.cloudfront.net\/stores\/001\/059\/049\/rte\/Imagem_FLP_ALOE-EVER-SHIELD.2.jpg\" alt=\"\" width=\"347\" height=\"260\" \/><\/a>MODO DE USAR:<\/strong>\u00a0Aplicar o Desodorante\u00a0ALOE EVER-SHIELD\u00a0sob os bra\u00e7os diariamente, para refrescar e propiciar uma sensa\u00e7\u00e3o de limpeza ao longo do dia.<\/span><\/p>\n<p><span style=\"color: #000000;\">Muitos t\u00eam conseguido resolver o problema de\u00a0<strong>mau odor<\/strong>\u00a0nos p\u00e9s (chul\u00e9) atrav\u00e9s do uso deste produto.<\/span><\/p>\n<p><span style=\"color: #000000;\">Desodorante em bast\u00e3o, \u00e0 base de\u00a0<strong>Aloe Vera<\/strong>. Hidrata e protege as axilas, de odores indesej\u00e1veis, sem impedir a transpira\u00e7\u00e3o necess\u00e1ria para a termorregula\u00e7\u00e3o natural do corpo (n\u00e3o cont\u00e9m sais de\u00a0<strong>alum\u00ednio<\/strong>). Sua forma em bast\u00e3o facilita a aplica\u00e7\u00e3o r\u00e1pida e sem desperd\u00edcio.\u00a0<strong>N\u00e3o mancha as roupas<\/strong>. Pode ser aplicado logo ap\u00f3s a depila\u00e7\u00e3o.<\/span><\/p>\n<p><span style=\"color: #000000;\"><strong>Conte\u00fado:<\/strong>\u00a092,1<\/span><\/p>\n<p><span style=\"color: #000000;\">Dura em m\u00e9dia\u00a0<strong>3 meses<\/strong>\u00a0quando usado diariamente.<\/span><\/p>\n<p><span style=\"color: #000000;\">Produto<strong>\u00a0Registrado<\/strong>\u00a0no Minist\u00e9rio da Sa\u00fade\u00a0201948-1\u00a0e na ANVISA\u00a0343\/05<\/span><\/p>\n<p><span style=\"color: #000000;\">Produto importado dos EUA e distribu\u00eddo no Brasil por: SCHNEIDER Sa\u00fade e Terapia<\/span><\/p>\n<p style=\"padding-left: 80px;\"><span style=\"color: #000000;\"><a href=\"https:\/\/kibazar.com.br\/?product=palmilhas-inteligentes-infra-power\" target=\"_blank\" rel=\"noopener\"><span style=\"color: #c80000;\"><strong>Palmilhas<\/strong> Inteligentes Infra Power<\/span><\/a> <a href=\"https:\/\/kibazar.com.br\/?product=palmilhas-inteligentes-infra-power\" target=\"_blank\" rel=\"noopener\"><img decoding=\"async\" class=\"alignnone wp-image-510\" src=\"https:\/\/kibazar.com.br\/wp-content\/uploads\/2022\/01\/Imagem.Haiflex.Palmilhas.1-150x150.jpg\" alt=\"Palmilhas Inteligentes Infra Power\" width=\"250\" height=\"170\" srcset=\"https:\/\/kibazar.com.br\/wp-content\/uploads\/2022\/01\/Imagem.Haiflex.Palmilhas.1-462x315.jpg 462w, https:\/\/kibazar.com.br\/wp-content\/uploads\/2022\/01\/Imagem.Haiflex.Palmilhas.1-300x204.jpg 300w, https:\/\/kibazar.com.br\/wp-content\/uploads\/2022\/01\/Imagem.Haiflex.Palmilhas.1-768x523.jpg 768w, https:\/\/kibazar.com.br\/wp-content\/uploads\/2022\/01\/Imagem.Haiflex.Palmilhas.1.jpg 960w\" sizes=\"(max-width: 250px) 100vw, 250px\" \/><\/a><\/span><\/p>\n<h4 style=\"padding-left: 80px;\"><strong>Reda\u00e7\u00e3o:<\/strong> <em><a href=\"http:\/\/www.saudeeterapia.com.br\" target=\"_blank\" rel=\"noopener\">SCHNEIDER Sa\u00fade e Terapia<\/a> \u2013 Sua Sa\u00fade Levada a S\u00e9rio<\/em><\/h4>\n<h4 style=\"padding-left: 80px;\">S\u00e9rgio Schneider<\/h4>\n<h4 style=\"padding-left: 80px;\"><strong>CRT:<\/strong> 42.237<\/h4>\n<h4 style=\"padding-left: 80px;\"><strong>Sinaten:<\/strong> CTN-SP 2732<\/h4>\n<p>&nbsp;<\/p>\n<h4><strong>TERAPEUTA DO SONO<\/strong><\/h4>\n<h4>Fitoterapeuta, Psicoterapeuta e Ortomolecular<\/h4>\n<h4>Especialista em Plantas Medicinais<\/h4>\n<h4>P\u00f3s-Graduado em Fitoterapia Cl\u00ednica<\/h4>\n<h4>Especializado em Incontin\u00eancia Urin\u00e1ria e Prostatite<\/h4>\n<h4><strong>Principais Tratamentos: <a href=\"https:\/\/www.saudeeterapia.com.br\/produtos\/sono-pax-aparelho-anti-ronco-e-apneia-do-sono\/\" target=\"_blank\" rel=\"noopener\">Ronco<\/a><\/strong>, <strong><a href=\"https:\/\/www.saudeeterapia.com.br\/produtos\/travesseiro-pillow-pax-anti-ronco-apneia-do-sono-e-caimbras\/\" target=\"_blank\" rel=\"noopener\">Apn\u00e9ia do Sono<\/a><\/strong> e Ins\u00f4nia<\/h4>\n<h4><u>Mais Tratamentos<\/u>: <strong>Alcoolismo<\/strong>, <strong>Depress\u00e3o<\/strong>, <strong>Diabetes<\/strong>, <strong>Hipertens\u00e3o<\/strong> e <strong>Psor\u00edase<\/strong><\/h4>\n<p>&nbsp;<\/p>\n<h3 style=\"padding-left: 160px;\"><strong>Loja:<\/strong> <a href=\"http:\/\/www.saudeeterapia.com.br\" target=\"_blank\" rel=\"noopener\">www.saudeeterapia.com.br<\/a><\/h3>\n<h3 style=\"padding-left: 160px;\"><strong>Tel.<\/strong> (<strong>11<\/strong>) 5044-0606<\/h3>\n<h3 style=\"padding-left: 160px;\"><strong>Cel.<\/strong> (<strong>11<\/strong>) 9.9524-2828 \u2013 <strong>WhatsApp<\/strong><\/h3>\n<p>&nbsp;<\/p>\n","protected":false},"excerpt":{"rendered":"<p style=\"text-align: justify;\"><span style=\"color: #000000;\">O desodorante <span style=\"color: #008000;\"><strong>ALOE EVER-SHIELD<\/strong><\/span> tem em sua suave f\u00f3rmula &#8220;<span style=\"color: #008000;\">gel de <strong>Aloe Vera<\/strong><\/span>&#8221; estabilizado, que proporciona prote\u00e7\u00e3o eficaz durante o dia todo e <strong>n\u00e3o mancha as roupas<\/strong>. Um desodorante essencial para os cuidados e a higiene do seu corpo, no dia a dia.<\/span><\/p>\n","protected":false},"featured_media":1219,"comment_status":"open","ping_status":"closed","template":"","meta":{"site-sidebar-layout":"default","site-content-layout":"default","ast-site-content-layout":"default","site-content-style":"default","site-sidebar-style":"default","ast-global-header-display":"","ast-banner-title-visibility":"","ast-main-header-display":"","ast-hfb-above-header-display":"","ast-hfb-below-header-display":"","ast-hfb-mobile-header-display":"","site-post-title":"","ast-breadcrumbs-content":"","ast-featured-img":"","footer-sml-layout":"","ast-disable-related-posts":"","theme-transparent-header-meta":"default","adv-header-id-meta":"","stick-header-meta":"","header-above-stick-meta":"","header-main-stick-meta":"","header-below-stick-meta":"","astra-migrate-meta-layouts":"default","ast-page-background-enabled":"default","ast-page-background-meta":{"desktop":{"background-color":"var(--ast-global-color-4)","background-image":"","background-repeat":"repeat","background-position":"center center","background-size":"auto","background-attachment":"scroll","background-type":"","background-media":"","overlay-type":"","overlay-color":"","overlay-opacity":"","overlay-gradient":""},"tablet":{"background-color":"","background-image":"","background-repeat":"repeat","background-position":"center center","background-size":"auto","background-attachment":"scroll","background-type":"","background-media":"","overlay-type":"","overlay-color":"","overlay-opacity":"","overlay-gradient":""},"mobile":{"background-color":"","background-image":"","background-repeat":"repeat","background-position":"center center","background-size":"auto","background-attachment":"scroll","background-type":"","background-media":"","overlay-type":"","overlay-color":"","overlay-opacity":"","overlay-gradient":""}},"ast-content-background-meta":{"desktop":{"background-color":"var(--ast-global-color-5)","background-image":"","background-repeat":"repeat","background-position":"center center","background-size":"auto","background-attachment":"scroll","background-type":"","background-media":"","overlay-type":"","overlay-color":"","overlay-opacity":"","overlay-gradient":""},"tablet":{"background-color":"var(--ast-global-color-5)","background-image":"","background-repeat":"repeat","background-position":"center center","background-size":"auto","background-attachment":"scroll","background-type":"","background-media":"","overlay-type":"","overlay-color":"","overlay-opacity":"","overlay-gradient":""},"mobile":{"background-color":"var(--ast-global-color-5)","background-image":"","background-repeat":"repeat","background-position":"center center","background-size":"auto","background-attachment":"scroll","background-type":"","background-media":"","overlay-type":"","overlay-color":"","overlay-opacity":"","overlay-gradient":""}}},"product_brand":[],"product_cat":[145,144],"product_tag":[172,173,148],"class_list":{"0":"post-1218","1":"product","2":"type-product","3":"status-publish","4":"has-post-thumbnail","6":"product_cat-esportes-e-fitness","7":"product_cat-higiene-pessoal","8":"product_tag-aloe-ever-shield","9":"product_tag-aloe-vera","10":"product_tag-desodorante","11":"desktop-align-left","12":"tablet-align-left","13":"mobile-align-left","15":"first","16":"instock","17":"sale","18":"shipping-taxable","19":"purchasable","20":"product-type-simple"},"yoast_head":"<!-- This site is optimized with the Yoast SEO plugin v27.1.1 - https:\/\/yoast.com\/product\/yoast-seo-wordpress\/ -->\n<title>Desodorante ALOE EVER-SHIELD - Kibazar<\/title>\n<meta name=\"description\" content=\"O\u00a0Desodorante\u00a0ALOE EVER-SHIELD n\u00e3o cont\u00e9m alum\u00ednio. Indica\u00e7\u00f5es: Acnes,\u00a0Axilas,\u00a0Coceiras,\u00a0Espinhas,\u00a0P\u00e9s,\u00a0Picadas de Insetos,\u00a0Psor\u00edase, etc.\" \/>\n<meta name=\"robots\" content=\"index, follow, max-snippet:-1, max-image-preview:large, max-video-preview:-1\" \/>\n<link rel=\"canonical\" href=\"https:\/\/kibazar.com.br\/?product=desodorante-aloe-ever-shield\" \/>\n<meta property=\"og:locale\" content=\"pt_BR\" \/>\n<meta property=\"og:type\" content=\"article\" \/>\n<meta property=\"og:title\" content=\"Desodorante ALOE EVER-SHIELD - Kibazar\" \/>\n<meta property=\"og:description\" content=\"O\u00a0Desodorante\u00a0ALOE EVER-SHIELD n\u00e3o cont\u00e9m alum\u00ednio. Indica\u00e7\u00f5es: Acnes,\u00a0Axilas,\u00a0Coceiras,\u00a0Espinhas,\u00a0P\u00e9s,\u00a0Picadas de Insetos,\u00a0Psor\u00edase, etc.\" \/>\n<meta property=\"og:url\" content=\"https:\/\/kibazar.com.br\/?product=desodorante-aloe-ever-shield\" \/>\n<meta property=\"og:site_name\" content=\"Kibazar\" \/>\n<meta property=\"article:modified_time\" content=\"2022-06-14T15:52:55+00:00\" \/>\n<meta property=\"og:image\" content=\"https:\/\/kibazar.com.br\/wp-content\/uploads\/2022\/05\/imagem_flp_aloe-ever-shield-1-a1-df8790b2e7ac1c776d15703177493566-640-0.jpg\" \/>\n\t<meta property=\"og:image:width\" content=\"510\" \/>\n\t<meta property=\"og:image:height\" content=\"721\" \/>\n\t<meta property=\"og:image:type\" content=\"image\/jpeg\" \/>\n<meta name=\"twitter:card\" content=\"summary_large_image\" \/>\n<meta name=\"twitter:label1\" content=\"Est. tempo de leitura\" \/>\n\t<meta name=\"twitter:data1\" content=\"4 minutos\" \/>\n<script type=\"application\/ld+json\" class=\"yoast-schema-graph\">{\"@context\":\"https:\/\/schema.org\",\"@graph\":[{\"@type\":\"WebPage\",\"@id\":\"https:\/\/kibazar.com.br\/?product=desodorante-aloe-ever-shield\",\"url\":\"https:\/\/kibazar.com.br\/?product=desodorante-aloe-ever-shield\",\"name\":\"Desodorante ALOE EVER-SHIELD - Kibazar\",\"isPartOf\":{\"@id\":\"https:\/\/kibazar.com.br\/#website\"},\"primaryImageOfPage\":{\"@id\":\"https:\/\/kibazar.com.br\/?product=desodorante-aloe-ever-shield#primaryimage\"},\"image\":{\"@id\":\"https:\/\/kibazar.com.br\/?product=desodorante-aloe-ever-shield#primaryimage\"},\"thumbnailUrl\":\"https:\/\/kibazar.com.br\/wp-content\/uploads\/2022\/05\/imagem_flp_aloe-ever-shield-1-a1-df8790b2e7ac1c776d15703177493566-640-0.jpg\",\"datePublished\":\"2022-05-27T14:56:13+00:00\",\"dateModified\":\"2022-06-14T15:52:55+00:00\",\"description\":\"O\u00a0Desodorante\u00a0ALOE EVER-SHIELD n\u00e3o cont\u00e9m alum\u00ednio. Indica\u00e7\u00f5es: Acnes,\u00a0Axilas,\u00a0Coceiras,\u00a0Espinhas,\u00a0P\u00e9s,\u00a0Picadas de Insetos,\u00a0Psor\u00edase, etc.\",\"breadcrumb\":{\"@id\":\"https:\/\/kibazar.com.br\/?product=desodorante-aloe-ever-shield#breadcrumb\"},\"inLanguage\":\"pt-BR\",\"potentialAction\":[{\"@type\":\"ReadAction\",\"target\":[\"https:\/\/kibazar.com.br\/?product=desodorante-aloe-ever-shield\"]}]},{\"@type\":\"ImageObject\",\"inLanguage\":\"pt-BR\",\"@id\":\"https:\/\/kibazar.com.br\/?product=desodorante-aloe-ever-shield#primaryimage\",\"url\":\"https:\/\/kibazar.com.br\/wp-content\/uploads\/2022\/05\/imagem_flp_aloe-ever-shield-1-a1-df8790b2e7ac1c776d15703177493566-640-0.jpg\",\"contentUrl\":\"https:\/\/kibazar.com.br\/wp-content\/uploads\/2022\/05\/imagem_flp_aloe-ever-shield-1-a1-df8790b2e7ac1c776d15703177493566-640-0.jpg\",\"width\":510,\"height\":721,\"caption\":\"Desodorante ALOE EVER-SHIELD\"},{\"@type\":\"BreadcrumbList\",\"@id\":\"https:\/\/kibazar.com.br\/?product=desodorante-aloe-ever-shield#breadcrumb\",\"itemListElement\":[{\"@type\":\"ListItem\",\"position\":1,\"name\":\"In\u00edcio\",\"item\":\"https:\/\/kibazar.com.br\/\"},{\"@type\":\"ListItem\",\"position\":2,\"name\":\"Produtos\",\"item\":\"https:\/\/kibazar.com.br\/?page_id=11\"},{\"@type\":\"ListItem\",\"position\":3,\"name\":\"Desodorante ALOE EVER-SHIELD\"}]},{\"@type\":\"WebSite\",\"@id\":\"https:\/\/kibazar.com.br\/#website\",\"url\":\"https:\/\/kibazar.com.br\/\",\"name\":\"Kibazar\",\"description\":\"A sua loja de variedades\",\"publisher\":{\"@id\":\"https:\/\/kibazar.com.br\/#organization\"},\"potentialAction\":[{\"@type\":\"SearchAction\",\"target\":{\"@type\":\"EntryPoint\",\"urlTemplate\":\"https:\/\/kibazar.com.br\/?s={search_term_string}\"},\"query-input\":{\"@type\":\"PropertyValueSpecification\",\"valueRequired\":true,\"valueName\":\"search_term_string\"}}],\"inLanguage\":\"pt-BR\"},{\"@type\":\"Organization\",\"@id\":\"https:\/\/kibazar.com.br\/#organization\",\"name\":\"Kibazar\",\"url\":\"https:\/\/kibazar.com.br\/\",\"logo\":{\"@type\":\"ImageObject\",\"inLanguage\":\"pt-BR\",\"@id\":\"https:\/\/kibazar.com.br\/#\/schema\/logo\/image\/\",\"url\":\"https:\/\/kibazar.com.br\/wp-content\/uploads\/2022\/01\/LOGO.png\",\"contentUrl\":\"https:\/\/kibazar.com.br\/wp-content\/uploads\/2022\/01\/LOGO.png\",\"width\":1000,\"height\":232,\"caption\":\"Kibazar\"},\"image\":{\"@id\":\"https:\/\/kibazar.com.br\/#\/schema\/logo\/image\/\"}}]}<\/script>\n<!-- \/ Yoast SEO plugin. -->","yoast_head_json":{"title":"Desodorante ALOE EVER-SHIELD - Kibazar","description":"O\u00a0Desodorante\u00a0ALOE EVER-SHIELD n\u00e3o cont\u00e9m alum\u00ednio. Indica\u00e7\u00f5es: Acnes,\u00a0Axilas,\u00a0Coceiras,\u00a0Espinhas,\u00a0P\u00e9s,\u00a0Picadas de Insetos,\u00a0Psor\u00edase, etc.","robots":{"index":"index","follow":"follow","max-snippet":"max-snippet:-1","max-image-preview":"max-image-preview:large","max-video-preview":"max-video-preview:-1"},"canonical":"https:\/\/kibazar.com.br\/?product=desodorante-aloe-ever-shield","og_locale":"pt_BR","og_type":"article","og_title":"Desodorante ALOE EVER-SHIELD - Kibazar","og_description":"O\u00a0Desodorante\u00a0ALOE EVER-SHIELD n\u00e3o cont\u00e9m alum\u00ednio. Indica\u00e7\u00f5es: Acnes,\u00a0Axilas,\u00a0Coceiras,\u00a0Espinhas,\u00a0P\u00e9s,\u00a0Picadas de Insetos,\u00a0Psor\u00edase, etc.","og_url":"https:\/\/kibazar.com.br\/?product=desodorante-aloe-ever-shield","og_site_name":"Kibazar","article_modified_time":"2022-06-14T15:52:55+00:00","og_image":[{"width":510,"height":721,"url":"https:\/\/kibazar.com.br\/wp-content\/uploads\/2022\/05\/imagem_flp_aloe-ever-shield-1-a1-df8790b2e7ac1c776d15703177493566-640-0.jpg","type":"image\/jpeg"}],"twitter_card":"summary_large_image","twitter_misc":{"Est. tempo de leitura":"4 minutos"},"schema":{"@context":"https:\/\/schema.org","@graph":[{"@type":"WebPage","@id":"https:\/\/kibazar.com.br\/?product=desodorante-aloe-ever-shield","url":"https:\/\/kibazar.com.br\/?product=desodorante-aloe-ever-shield","name":"Desodorante ALOE EVER-SHIELD - Kibazar","isPartOf":{"@id":"https:\/\/kibazar.com.br\/#website"},"primaryImageOfPage":{"@id":"https:\/\/kibazar.com.br\/?product=desodorante-aloe-ever-shield#primaryimage"},"image":{"@id":"https:\/\/kibazar.com.br\/?product=desodorante-aloe-ever-shield#primaryimage"},"thumbnailUrl":"https:\/\/kibazar.com.br\/wp-content\/uploads\/2022\/05\/imagem_flp_aloe-ever-shield-1-a1-df8790b2e7ac1c776d15703177493566-640-0.jpg","datePublished":"2022-05-27T14:56:13+00:00","dateModified":"2022-06-14T15:52:55+00:00","description":"O\u00a0Desodorante\u00a0ALOE EVER-SHIELD n\u00e3o cont\u00e9m alum\u00ednio. Indica\u00e7\u00f5es: Acnes,\u00a0Axilas,\u00a0Coceiras,\u00a0Espinhas,\u00a0P\u00e9s,\u00a0Picadas de Insetos,\u00a0Psor\u00edase, etc.","breadcrumb":{"@id":"https:\/\/kibazar.com.br\/?product=desodorante-aloe-ever-shield#breadcrumb"},"inLanguage":"pt-BR","potentialAction":[{"@type":"ReadAction","target":["https:\/\/kibazar.com.br\/?product=desodorante-aloe-ever-shield"]}]},{"@type":"ImageObject","inLanguage":"pt-BR","@id":"https:\/\/kibazar.com.br\/?product=desodorante-aloe-ever-shield#primaryimage","url":"https:\/\/kibazar.com.br\/wp-content\/uploads\/2022\/05\/imagem_flp_aloe-ever-shield-1-a1-df8790b2e7ac1c776d15703177493566-640-0.jpg","contentUrl":"https:\/\/kibazar.com.br\/wp-content\/uploads\/2022\/05\/imagem_flp_aloe-ever-shield-1-a1-df8790b2e7ac1c776d15703177493566-640-0.jpg","width":510,"height":721,"caption":"Desodorante ALOE EVER-SHIELD"},{"@type":"BreadcrumbList","@id":"https:\/\/kibazar.com.br\/?product=desodorante-aloe-ever-shield#breadcrumb","itemListElement":[{"@type":"ListItem","position":1,"name":"In\u00edcio","item":"https:\/\/kibazar.com.br\/"},{"@type":"ListItem","position":2,"name":"Produtos","item":"https:\/\/kibazar.com.br\/?page_id=11"},{"@type":"ListItem","position":3,"name":"Desodorante ALOE EVER-SHIELD"}]},{"@type":"WebSite","@id":"https:\/\/kibazar.com.br\/#website","url":"https:\/\/kibazar.com.br\/","name":"Kibazar","description":"A sua loja de variedades","publisher":{"@id":"https:\/\/kibazar.com.br\/#organization"},"potentialAction":[{"@type":"SearchAction","target":{"@type":"EntryPoint","urlTemplate":"https:\/\/kibazar.com.br\/?s={search_term_string}"},"query-input":{"@type":"PropertyValueSpecification","valueRequired":true,"valueName":"search_term_string"}}],"inLanguage":"pt-BR"},{"@type":"Organization","@id":"https:\/\/kibazar.com.br\/#organization","name":"Kibazar","url":"https:\/\/kibazar.com.br\/","logo":{"@type":"ImageObject","inLanguage":"pt-BR","@id":"https:\/\/kibazar.com.br\/#\/schema\/logo\/image\/","url":"https:\/\/kibazar.com.br\/wp-content\/uploads\/2022\/01\/LOGO.png","contentUrl":"https:\/\/kibazar.com.br\/wp-content\/uploads\/2022\/01\/LOGO.png","width":1000,"height":232,"caption":"Kibazar"},"image":{"@id":"https:\/\/kibazar.com.br\/#\/schema\/logo\/image\/"}}]}},"_links":{"self":[{"href":"https:\/\/kibazar.com.br\/index.php?rest_route=\/wp\/v2\/product\/1218","targetHints":{"allow":["GET"]}}],"collection":[{"href":"https:\/\/kibazar.com.br\/index.php?rest_route=\/wp\/v2\/product"}],"about":[{"href":"https:\/\/kibazar.com.br\/index.php?rest_route=\/wp\/v2\/types\/product"}],"replies":[{"embeddable":true,"href":"https:\/\/kibazar.com.br\/index.php?rest_route=%2Fwp%2Fv2%2Fcomments&post=1218"}],"wp:featuredmedia":[{"embeddable":true,"href":"https:\/\/kibazar.com.br\/index.php?rest_route=\/wp\/v2\/media\/1219"}],"wp:attachment":[{"href":"https:\/\/kibazar.com.br\/index.php?rest_route=%2Fwp%2Fv2%2Fmedia&parent=1218"}],"wp:term":[{"taxonomy":"product_brand","embeddable":true,"href":"https:\/\/kibazar.com.br\/index.php?rest_route=%2Fwp%2Fv2%2Fproduct_brand&post=1218"},{"taxonomy":"product_cat","embeddable":true,"href":"https:\/\/kibazar.com.br\/index.php?rest_route=%2Fwp%2Fv2%2Fproduct_cat&post=1218"},{"taxonomy":"product_tag","embeddable":true,"href":"https:\/\/kibazar.com.br\/index.php?rest_route=%2Fwp%2Fv2%2Fproduct_tag&post=1218"}],"curies":[{"name":"wp","href":"https:\/\/api.w.org\/{rel}","templated":true}]}}